CRAN Package Check Results for Package GSE

Last updated on 2021-12-04 22:59:35 CET.

Flavor Version Tinstall Tcheck Ttotal Status Flags
r-devel-linux-x86_64-debian-clang 4.2 88.04 83.84 171.88 OK
r-devel-linux-x86_64-debian-gcc 4.2 68.66 64.13 132.79 OK
r-devel-linux-x86_64-fedora-clang 4.2 244.59 NOTE
r-devel-linux-x86_64-fedora-gcc 4.2 217.27 OK
r-devel-windows-x86_64-new-UL 4.2 123.00 153.00 276.00 OK
r-devel-windows-x86_64-new-TK 4.2 OK
r-devel-windows-x86_64-old 4.2 113.00 84.00 197.00 OK
r-patched-linux-x86_64 4.2 78.92 69.88 148.80 OK
r-release-linux-x86_64 4.2 75.49 69.55 145.04 OK
r-release-macos-arm64 4.2 NOTE
r-release-macos-x86_64 4.2 OK
r-release-windows-ix86+x86_64 4.2 218.00 142.00 360.00 OK
r-oldrel-macos-x86_64 4.2 OK
r-oldrel-windows-ix86+x86_64 4.2 217.00 149.00 366.00 OK

Check Details

Version: 4.2
Check: installed package size
Result: NOTE
     installed size is 5.3Mb
     sub-directories of 1Mb or more:
     libs 4.8Mb
Flavors: r-devel-linux-x86_64-fedora-clang, r-release-macos-arm64