Last updated on 2022-05-24 22:50:08 CEST.
Flavor | Version | Tinstall | Tcheck | Ttotal | Status | Flags |
---|---|---|---|---|---|---|
r-devel-linux-x86_64-debian-clang | 4.2 | 97.09 | 96.11 | 193.20 | WARN | |
r-devel-linux-x86_64-debian-gcc | 4.2 | 79.06 | 72.19 | 151.25 | OK | |
r-devel-linux-x86_64-fedora-clang | 4.2 | 270.83 | WARN | |||
r-devel-linux-x86_64-fedora-gcc | 4.2 | 245.26 | OK | |||
r-devel-windows-x86_64 | 4.2 | 83.00 | 142.00 | 225.00 | OK | |
r-patched-linux-x86_64 | 4.2 | 81.42 | 90.42 | 171.84 | OK | |
r-release-linux-x86_64 | 4.2 | OK | ||||
r-release-macos-arm64 | 4.2 | 62.00 | NOTE | |||
r-release-macos-x86_64 | 4.2 | 113.00 | OK | |||
r-release-windows-x86_64 | 4.2 | 91.00 | 140.00 | 231.00 | OK | |
r-oldrel-macos-arm64 | 4.2 | 72.00 | NOTE | |||
r-oldrel-macos-x86_64 | 4.2 | 102.00 | OK | |||
r-oldrel-windows-ix86+x86_64 | 4.2 | 219.00 | 145.00 | 364.00 | OK |
Version: 4.2
Check: whether package can be installed
Result: WARN
Found the following significant warnings:
cov-em.cpp:169:7: warning: use of bitwise '&' with boolean operands [-Wbitwise-instead-of-logical]
cov-em.cpp:174:12: warning: use of bitwise '&' with boolean operands [-Wbitwise-instead-of-logical]
Flavors: r-devel-linux-x86_64-debian-clang, r-devel-linux-x86_64-fedora-clang
Version: 4.2
Check: installed package size
Result: NOTE
installed size is 5.0Mb
sub-directories of 1Mb or more:
libs 4.5Mb
Flavors: r-release-macos-arm64, r-oldrel-macos-arm64