CRAN Package Check Results for Package GTDL

Last updated on 2024-02-23 23:10:08 CET.

Flavor Version Tinstall Tcheck Ttotal Status Flags
r-devel-linux-x86_64-debian-clang 1.0.0 NOTE
r-devel-linux-x86_64-debian-gcc 1.0.0 6.26 64.14 70.40 NOTE
r-devel-linux-x86_64-fedora-clang 1.0.0 120.02 NOTE
r-devel-linux-x86_64-fedora-gcc 1.0.0 116.08 NOTE
r-devel-windows-x86_64 1.0.0 7.00 79.00 86.00 OK
r-patched-linux-x86_64 1.0.0 8.47 84.42 92.89 OK
r-release-linux-x86_64 1.0.0 8.36 86.40 94.76 OK
r-release-macos-arm64 1.0.0 35.00 OK
r-release-macos-x86_64 1.0.0 59.00 OK
r-release-windows-x86_64 1.0.0 9.00 94.00 103.00 OK
r-oldrel-macos-arm64 1.0.0 35.00 OK
r-oldrel-windows-x86_64 1.0.0 9.00 98.00 107.00 OK

Check Details

Version: 1.0.0
Check: Rd files
Result: NOTE checkRd: (-1) artset1987.Rd:10: Lost braces in \itemize; meant \describe ? checkRd: (-1) tumor.Rd:10: Lost braces in \itemize; meant \describe ? checkRd: (-1) tumor.Rd:11: Lost braces in \itemize; meant \describe ? checkRd: (-1) tumor.Rd:12: Lost braces in \itemize; meant \describe ? Flavors: r-devel-linux-x86_64-debian-clang, r-devel-linux-x86_64-debian-gcc, r-devel-linux-x86_64-fedora-clang, r-devel-linux-x86_64-fedora-gcc