CRAN Package Check Results for Package GUTS

Last updated on 2022-05-18 21:53:17 CEST.

Flavor Version Tinstall Tcheck Ttotal Status Flags
r-devel-linux-x86_64-debian-clang 1.2.3 34.29 63.99 98.28 OK
r-devel-linux-x86_64-debian-gcc 1.2.3 25.50 49.38 74.88 OK
r-devel-linux-x86_64-fedora-clang 1.2.3 135.99 NOTE
r-devel-linux-x86_64-fedora-gcc 1.2.3 125.11 OK
r-devel-windows-x86_64 1.2.3 51.00 113.00 164.00 OK
r-patched-linux-x86_64 1.2.3 27.36 60.61 87.97 OK
r-release-linux-x86_64 1.2.3 30.86 61.27 92.13 OK
r-release-macos-arm64 1.2.3 38.00 NOTE
r-release-macos-x86_64 1.2.3 242.00 NOTE
r-release-windows-x86_64 1.2.3 43.00 124.00 167.00 OK
r-oldrel-macos-arm64 1.2.3 47.00 NOTE
r-oldrel-macos-x86_64 1.2.3 72.00 NOTE
r-oldrel-windows-ix86+x86_64 1.2.3 80.00 108.00 188.00 NOTE

Check Details

Version: 1.2.3
Check: installed package size
Result: NOTE
     installed size is 5.4Mb
     sub-directories of 1Mb or more:
     extdata 2.5Mb
     libs 1.8Mb
Flavors: r-devel-linux-x86_64-fedora-clang, r-release-macos-arm64, r-release-macos-x86_64, r-oldrel-macos-arm64, r-oldrel-macos-x86_64, r-oldrel-windows-ix86+x86_64