CRAN Package Check Results for Package GUniFrac

Last updated on 2024-02-29 22:58:46 CET.

Flavor Version Tinstall Tcheck Ttotal Status Flags
r-devel-linux-x86_64-debian-clang 1.8 42.39 171.42 213.81 OK
r-devel-linux-x86_64-debian-gcc 1.8 37.54 124.36 161.90 OK
r-devel-linux-x86_64-fedora-clang 1.8 279.17 NOTE
r-devel-linux-x86_64-fedora-gcc 1.8 304.29 OK
r-devel-windows-x86_64 1.8 38.00 153.00 191.00 OK
r-patched-linux-x86_64 1.8 51.17 168.08 219.25 OK
r-release-linux-x86_64 1.8 38.60 167.50 206.10 OK
r-release-macos-arm64 1.8 107.00 OK
r-release-macos-x86_64 1.8 181.00 OK
r-release-windows-x86_64 1.8 50.00 195.00 245.00 OK
r-oldrel-macos-arm64 1.8 87.00 OK
r-oldrel-windows-x86_64 1.8 48.00 193.00 241.00 OK

Check Details

Version: 1.8
Check: Rd cross-references
Result: NOTE Undeclared package ‘permute’ in Rd xrefs Flavor: r-devel-linux-x86_64-fedora-clang