Last updated on 2023-05-29 23:03:45 CEST.
Flavor | Version | Tinstall | Tcheck | Ttotal | Status | Flags |
---|---|---|---|---|---|---|
r-devel-linux-x86_64-debian-clang | 1.0.2 | 39.82 | 366.08 | 405.90 | OK | |
r-devel-linux-x86_64-debian-gcc | 1.0.2 | 31.01 | 266.29 | 297.30 | OK | |
r-devel-linux-x86_64-fedora-clang | 1.0.2 | 490.90 | NOTE | |||
r-devel-linux-x86_64-fedora-gcc | 1.0.2 | 466.12 | NOTE | |||
r-devel-windows-x86_64 | 1.0.2 | 30.00 | 237.00 | 267.00 | OK | |
r-patched-linux-x86_64 | 1.0.2 | 29.62 | 348.12 | 377.74 | OK | |
r-release-linux-x86_64 | 1.0.2 | 25.19 | 343.36 | 368.55 | OK | |
r-release-macos-arm64 | 1.0.2 | 141.00 | OK | |||
r-release-macos-x86_64 | 1.0.2 | 238.00 | OK | |||
r-release-windows-x86_64 | 1.0.2 | 43.00 | 315.00 | 358.00 | OK | |
r-oldrel-macos-arm64 | 1.0.2 | 115.00 | NOTE | |||
r-oldrel-macos-x86_64 | 1.0.2 | 197.00 | NOTE | |||
r-oldrel-windows-x86_64 | 1.0.2 | 45.00 | 312.00 | 357.00 | OK |
Version: 1.0.2
Check: data for non-ASCII characters
Result: NOTE
Note: found 2 marked UTF-8 strings
Flavors: r-devel-linux-x86_64-fedora-clang, r-devel-linux-x86_64-fedora-gcc, r-oldrel-macos-arm64, r-oldrel-macos-x86_64