CRAN Package Check Results for Package GenAlgo

Last updated on 2022-01-16 22:51:14 CET.

Flavor Version Tinstall Tcheck Ttotal Status Flags
r-devel-linux-x86_64-debian-clang 2.2.0 3.13 49.45 52.58 OK
r-devel-linux-x86_64-debian-gcc 2.2.0 2.41 42.53 44.94 OK
r-devel-linux-x86_64-fedora-clang 2.2.0 67.61 NOTE
r-devel-linux-x86_64-fedora-gcc 2.2.0 55.88 NOTE
r-devel-windows-x86_64-new-UL 2.2.0 24.00 87.00 111.00 OK
r-devel-windows-x86_64-new-TK 2.2.0 NOTE
r-patched-linux-x86_64 2.2.0 3.17 48.03 51.20 OK
r-release-linux-x86_64 2.2.0 OK
r-release-macos-arm64 2.2.0 NOTE
r-release-macos-x86_64 2.2.0 NOTE
r-release-windows-ix86+x86_64 2.2.0 8.00 70.00 78.00 OK
r-oldrel-macos-x86_64 2.2.0 NOTE
r-oldrel-windows-ix86+x86_64 2.2.0 7.00 67.00 74.00 OK

Check Details

Version: 2.2.0
Check: data for non-ASCII characters
Result: NOTE
     Note: found 17 marked UTF-8 strings
Flavors: r-devel-linux-x86_64-fedora-clang, r-devel-linux-x86_64-fedora-gcc, r-devel-windows-x86_64-new-TK, r-release-macos-arm64, r-release-macos-x86_64, r-oldrel-macos-x86_64