CRAN Package Check Results for Package GenBinomApps

Last updated on 2021-11-26 23:03:25 CET.

Flavor Version Tinstall Tcheck Ttotal Status Flags
r-devel-linux-x86_64-debian-clang 1.1 2.18 23.51 25.69 OK
r-devel-linux-x86_64-debian-gcc 1.1 1.54 18.26 19.80 OK
r-devel-linux-x86_64-fedora-clang 1.1 43.21 NOTE
r-devel-linux-x86_64-fedora-gcc 1.1 32.39 OK
r-devel-windows-x86_64-new-UL 1.1 5.00 57.00 62.00 OK
r-devel-windows-x86_64-new-TK 1.1 OK
r-devel-windows-x86_64-old 1.1 4.00 40.00 44.00 OK
r-patched-linux-x86_64 1.1 2.16 22.94 25.10 OK
r-patched-solaris-x86 1.1 48.00 OK
r-release-linux-x86_64 1.1 OK
r-release-macos-arm64 1.1 OK
r-release-macos-x86_64 1.1 OK
r-release-windows-ix86+x86_64 1.1 4.00 41.00 45.00 OK
r-oldrel-macos-x86_64 1.1 OK
r-oldrel-windows-ix86+x86_64 1.1 5.00 38.00 43.00 OK

Check Details

Version: 1.1
Check: Rd cross-references
Result: NOTE
    Undeclared package ‘poibin’ in Rd xrefs
Flavor: r-devel-linux-x86_64-fedora-clang