CRAN Package Check Results for Package GenForImp

Last updated on 2021-11-29 22:59:12 CET.

Flavor Version Tinstall Tcheck Ttotal Status Flags
r-devel-linux-x86_64-debian-clang 1.0 4.22 37.13 41.35 NOTE
r-devel-linux-x86_64-debian-gcc 1.0 3.06 29.32 32.38 NOTE
r-devel-linux-x86_64-fedora-clang 1.0 63.44 NOTE
r-devel-linux-x86_64-fedora-gcc 1.0 51.42 NOTE
r-devel-windows-x86_64-new-UL 1.0 9.00 73.00 82.00 NOTE
r-devel-windows-x86_64-new-TK 1.0 NOTE
r-devel-windows-x86_64-old 1.0 5.00 45.00 50.00 NOTE
r-patched-linux-x86_64 1.0 4.03 35.96 39.99 NOTE
r-patched-solaris-x86 1.0 74.20 NOTE
r-release-linux-x86_64 1.0 3.76 35.55 39.31 NOTE
r-release-macos-arm64 1.0 NOTE
r-release-macos-x86_64 1.0 NOTE
r-release-windows-ix86+x86_64 1.0 9.00 40.00 49.00 NOTE
r-oldrel-macos-x86_64 1.0 NOTE
r-oldrel-windows-ix86+x86_64 1.0 7.00 59.00 66.00 NOTE

Check Details

Version: 1.0
Check: R code for possible problems
Result: NOTE
    ForImp.Mahala: no visible global function definition for 'combn'
    ForImp.Mahala: no visible global function definition for 'var'
    ForImp.Mahala: no visible global function definition for 'quantile'
    ForImp.Mahala : <anonymous>: no visible global function definition for
     'var'
    ForImp.Mahala : <anonymous> : <anonymous>: no visible global function
     definition for 'var'
    ForImp.Mahala : <anonymous> : <anonymous>: no visible global function
     definition for 'quantile'
    ForImp.PCA: no visible global function definition for 'cov'
    ForImp.PCA: no visible global function definition for 'princomp'
    ForImp.PCA: no visible global function definition for 'combn'
    ForImp.PCA: no visible global function definition for 'quantile'
    ForImp.PCA : <anonymous> : <anonymous>: no visible global function
     definition for 'quantile'
    Undefined global functions or variables:
     combn cov princomp quantile var
    Consider adding
     importFrom("stats", "cov", "princomp", "quantile", "var")
     importFrom("utils", "combn")
    to your NAMESPACE file.
Flavors: r-devel-linux-x86_64-debian-clang, r-devel-linux-x86_64-debian-gcc, r-devel-linux-x86_64-fedora-clang, r-devel-linux-x86_64-fedora-gcc, r-devel-windows-x86_64-new-UL, r-devel-windows-x86_64-new-TK, r-devel-windows-x86_64-old, r-patched-linux-x86_64, r-patched-solaris-x86, r-release-linux-x86_64, r-release-macos-arm64, r-release-macos-x86_64, r-release-windows-ix86+x86_64, r-oldrel-macos-x86_64, r-oldrel-windows-ix86+x86_64