CRAN Package Check Results for Package GeodRegr

Last updated on 2022-01-20 22:54:03 CET.

Flavor Version Tinstall Tcheck Ttotal Status Flags
r-devel-linux-x86_64-debian-clang 0.2.0 OK
r-devel-linux-x86_64-debian-gcc 0.2.0 3.16 34.12 37.28 OK
r-devel-linux-x86_64-fedora-clang 0.2.0 60.81 NOTE
r-devel-linux-x86_64-fedora-gcc 0.2.0 50.04 OK
r-devel-windows-x86_64-new-UL 0.2.0 37.00 63.00 100.00 OK
r-devel-windows-x86_64-new-TK 0.2.0 OK
r-patched-linux-x86_64 0.2.0 3.56 44.00 47.56 OK
r-release-linux-x86_64 0.2.0 5.13 43.71 48.84 OK
r-release-macos-arm64 0.2.0 OK
r-release-macos-x86_64 0.2.0 OK
r-release-windows-ix86+x86_64 0.2.0 9.00 52.00 61.00 OK
r-oldrel-macos-x86_64 0.2.0 OK
r-oldrel-windows-ix86+x86_64 0.2.0 9.00 57.00 66.00 OK

Check Details

Version: 0.2.0
Check: Rd cross-references
Result: NOTE
    Undeclared package ‘RiemBase’ in Rd xrefs
Flavor: r-devel-linux-x86_64-fedora-clang