Last updated on 2023-03-25 22:55:30 CET.
Flavor | Version | Tinstall | Tcheck | Ttotal | Status | Flags |
---|---|---|---|---|---|---|
r-devel-linux-x86_64-debian-clang | 1.6 | 4.99 | 49.23 | 54.22 | OK | |
r-devel-linux-x86_64-debian-gcc | 1.6 | 3.12 | 36.91 | 40.03 | OK | |
r-devel-linux-x86_64-fedora-gcc | 1.6 | 72.22 | OK | |||
r-devel-windows-x86_64 | 1.6 | 8.00 | 93.00 | 101.00 | OK | |
r-patched-linux-x86_64 | 1.6 | 4.18 | 48.11 | 52.29 | OK | |
r-release-linux-x86_64 | 1.6 | 4.35 | 48.57 | 52.92 | OK | |
r-release-macos-arm64 | 1.6 | 26.00 | OK | |||
r-release-macos-x86_64 | 1.6 | 45.00 | OK | |||
r-release-windows-x86_64 | 1.6 | 47.00 | 87.00 | 134.00 | OK | |
r-oldrel-macos-arm64 | 1.6 | 23.00 | OK | |||
r-oldrel-macos-x86_64 | 1.6 | 47.00 | OK | |||
r-oldrel-windows-ix86+x86_64 | 1.6 | 10.00 | 94.00 | 104.00 | NOTE |
Version: 1.6
Check: dependencies in R code
Result: NOTE
Initiating curl with CURL_SSL_BACKEND: openssl
Flavor: r-oldrel-windows-ix86+x86_64