CRAN Package Check Results for Package GillespieSSA

Last updated on 2021-12-07 22:59:31 CET.

Flavor Version Tinstall Tcheck Ttotal Status Flags
r-devel-linux-x86_64-debian-clang 0.6.1 2.76 124.00 126.76 NOTE
r-devel-linux-x86_64-debian-gcc 0.6.1 2.30 88.64 90.94 NOTE
r-devel-linux-x86_64-fedora-clang 0.6.1 149.29 NOTE
r-devel-linux-x86_64-fedora-gcc 0.6.1 138.59 NOTE
r-devel-windows-x86_64-new-UL 0.6.1 11.00 253.00 264.00 NOTE
r-devel-windows-x86_64-new-TK 0.6.1 NOTE
r-devel-windows-x86_64-old 0.6.1 6.00 181.00 187.00 NOTE
r-patched-linux-x86_64 0.6.1 3.17 123.11 126.28 NOTE
r-release-linux-x86_64 0.6.1 2.43 124.31 126.74 NOTE
r-release-macos-arm64 0.6.1 NOTE
r-release-macos-x86_64 0.6.1 NOTE
r-release-windows-ix86+x86_64 0.6.1 6.00 145.00 151.00 NOTE
r-oldrel-macos-x86_64 0.6.1 OK
r-oldrel-windows-ix86+x86_64 0.6.1 7.00 147.00 154.00 OK

Check Details

Version: 0.6.1
Check: LazyData
Result: NOTE
     'LazyData' is specified without a 'data' directory
Flavors: r-devel-linux-x86_64-debian-clang, r-devel-linux-x86_64-debian-gcc, r-devel-linux-x86_64-fedora-clang, r-devel-linux-x86_64-fedora-gcc, r-devel-windows-x86_64-new-UL, r-devel-windows-x86_64-new-TK, r-devel-windows-x86_64-old, r-patched-linux-x86_64, r-release-linux-x86_64, r-release-macos-arm64, r-release-macos-x86_64, r-release-windows-ix86+x86_64