CRAN Package Check Results for Package GillespieSSA2

Last updated on 2022-01-23 22:49:42 CET.

Flavor Version Tinstall Tcheck Ttotal Status Flags
r-devel-linux-x86_64-debian-clang 0.2.8 72.52 557.35 629.87 OK
r-devel-linux-x86_64-debian-gcc 0.2.8 59.72 390.41 450.13 OK
r-devel-linux-x86_64-fedora-clang 0.2.8 830.63 NOTE
r-devel-linux-x86_64-fedora-gcc 0.2.8 704.86 OK
r-devel-windows-x86_64-new-UL 0.2.8 141.00 715.00 856.00 OK
r-devel-windows-x86_64-new-TK 0.2.8 OK
r-patched-linux-x86_64 0.2.8 67.43 500.90 568.33 OK
r-release-linux-x86_64 0.2.8 65.46 500.21 565.67 OK
r-release-macos-arm64 0.2.8 NOTE
r-release-macos-x86_64 0.2.8 NOTE
r-release-windows-ix86+x86_64 0.2.8 193.00 733.00 926.00 OK
r-oldrel-macos-x86_64 0.2.8 NOTE
r-oldrel-windows-ix86+x86_64 0.2.8 191.00 737.00 928.00 OK

Check Details

Version: 0.2.8
Check: installed package size
Result: NOTE
     installed size is 5.0Mb
     sub-directories of 1Mb or more:
     doc 1.6Mb
     libs 2.8Mb
Flavors: r-devel-linux-x86_64-fedora-clang, r-release-macos-arm64, r-release-macos-x86_64, r-oldrel-macos-x86_64