CRAN Package Check Results for Package GlobalFit

Last updated on 2022-05-16 22:52:12 CEST.

Flavor Version Tinstall Tcheck Ttotal Status Flags
r-devel-linux-x86_64-debian-clang 1.2 15.06 123.02 138.08 NOTE
r-devel-linux-x86_64-debian-gcc 1.2 15.31 94.80 110.11 NOTE
r-devel-linux-x86_64-fedora-clang 1.2 170.73 NOTE
r-devel-linux-x86_64-fedora-gcc 1.2 175.96 NOTE
r-devel-windows-x86_64 1.2 31.00 129.00 160.00 NOTE
r-patched-linux-x86_64 1.2 18.93 121.29 140.22 NOTE
r-release-linux-x86_64 1.2 18.45 119.65 138.10 NOTE
r-release-macos-arm64 1.2 45.00 NOTE
r-release-macos-x86_64 1.2 63.00 NOTE
r-release-windows-x86_64 1.2 37.00 129.00 166.00 NOTE
r-oldrel-macos-arm64 1.2 55.00 NOTE
r-oldrel-macos-x86_64 1.2 97.00 NOTE
r-oldrel-windows-ix86+x86_64 1.2 33.00 128.00 161.00 NOTE

Check Details

Version: 1.2
Check: package dependencies
Result: NOTE
    Package suggested but not available for checking: 'cplexAPI'
Flavors: r-devel-linux-x86_64-debian-clang, r-devel-linux-x86_64-debian-gcc, r-devel-linux-x86_64-fedora-clang, r-devel-linux-x86_64-fedora-gcc, r-devel-windows-x86_64, r-patched-linux-x86_64, r-release-linux-x86_64, r-release-macos-arm64, r-release-macos-x86_64, r-release-windows-x86_64, r-oldrel-macos-arm64, r-oldrel-macos-x86_64, r-oldrel-windows-ix86+x86_64