CRAN Package Check Results for Package GoodmanKruskal

Last updated on 2022-01-17 22:54:39 CET.

Flavor Version Tinstall Tcheck Ttotal Status Flags
r-devel-linux-x86_64-debian-clang 0.0.3 2.12 36.01 38.13 NOTE
r-devel-linux-x86_64-debian-gcc 0.0.3 1.79 28.12 29.91 NOTE
r-devel-linux-x86_64-fedora-clang 0.0.3 47.94 NOTE
r-devel-linux-x86_64-fedora-gcc 0.0.3 35.92 NOTE
r-devel-windows-x86_64-new-UL 0.0.3 37.00 56.00 93.00 NOTE
r-devel-windows-x86_64-new-TK 0.0.3 WARN
r-patched-linux-x86_64 0.0.3 1.41 35.21 36.62 NOTE
r-release-linux-x86_64 0.0.3 NOTE
r-release-macos-arm64 0.0.3 NOTE
r-release-macos-x86_64 0.0.3 NOTE
r-release-windows-ix86+x86_64 0.0.3 9.00 45.00 54.00 NOTE
r-oldrel-macos-x86_64 0.0.3 OK
r-oldrel-windows-ix86+x86_64 0.0.3 5.00 53.00 58.00 OK

Check Details

Version: 0.0.3
Check: LazyData
Result: NOTE
     'LazyData' is specified without a 'data' directory
Flavors: r-devel-linux-x86_64-debian-clang, r-devel-linux-x86_64-debian-gcc, r-devel-linux-x86_64-fedora-clang, r-devel-linux-x86_64-fedora-gcc, r-devel-windows-x86_64-new-UL, r-devel-windows-x86_64-new-TK, r-patched-linux-x86_64, r-release-linux-x86_64, r-release-macos-arm64, r-release-macos-x86_64, r-release-windows-ix86+x86_64

Version: 0.0.3
Check: package dependencies
Result: NOTE
    Package suggested but not available for checking: 'car'
Flavor: r-devel-windows-x86_64-new-TK

Version: 0.0.3
Check: re-building of vignette outputs
Result: WARN
    Error(s) in re-building vignettes:
    --- re-building 'GoodmanKruskal.Rmd' using rmarkdown
    Loading required package: GoodmanKruskal
    Loading required package: MASS
    Loading required package: car
    Warning in library(package, lib.loc = lib.loc, character.only = TRUE, logical.return = TRUE, :
     there is no package called 'car'
    Quitting from lines 148-151 (GoodmanKruskal.Rmd)
    Error: processing vignette 'GoodmanKruskal.Rmd' failed with diagnostics:
    object 'Greene' not found
    --- failed re-building 'GoodmanKruskal.Rmd'
    
    SUMMARY: processing the following file failed:
     'GoodmanKruskal.Rmd'
    
    Error: Vignette re-building failed.
    Execution halted
Flavor: r-devel-windows-x86_64-new-TK