CRAN Package Check Results for Package HRW

Last updated on 2021-11-27 22:56:59 CET.

Flavor Version Tinstall Tcheck Ttotal Status Flags
r-devel-linux-x86_64-debian-clang 1.0-5 OK
r-devel-linux-x86_64-debian-gcc 1.0-5 14.90 42.17 57.07 OK
r-devel-linux-x86_64-fedora-clang 1.0-5 99.34 NOTE
r-devel-linux-x86_64-fedora-gcc 1.0-5 88.21 OK
r-devel-windows-x86_64-new-UL 1.0-5 31.00 98.00 129.00 NOTE
r-devel-windows-x86_64-new-TK 1.0-4 OK
r-devel-windows-x86_64-old 1.0-5 24.00 80.00 104.00 NOTE
r-patched-linux-x86_64 1.0-5 16.35 50.37 66.72 OK
r-patched-solaris-x86 1.0-5 136.60 NOTE
r-release-linux-x86_64 1.0-5 OK
r-release-macos-arm64 1.0-5 NOTE
r-release-macos-x86_64 1.0-5 NOTE
r-release-windows-ix86+x86_64 1.0-5 26.00 76.00 102.00 NOTE
r-oldrel-macos-x86_64 1.0-5 NOTE
r-oldrel-windows-ix86+x86_64 1.0-5 19.00 60.00 79.00 NOTE

Check Details

Version: 1.0-5
Check: installed package size
Result: NOTE
     installed size is 7.6Mb
     sub-directories of 1Mb or more:
     data 7.1Mb
Flavors: r-devel-linux-x86_64-fedora-clang, r-devel-windows-x86_64-new-UL, r-devel-windows-x86_64-old, r-patched-solaris-x86, r-release-macos-arm64, r-release-macos-x86_64, r-release-windows-ix86+x86_64, r-oldrel-macos-x86_64, r-oldrel-windows-ix86+x86_64