CRAN Package Check Results for Package HSPOR

Last updated on 2022-06-30 22:55:32 CEST.

Flavor Version Tinstall Tcheck Ttotal Status Flags
r-devel-linux-x86_64-debian-clang 1.1.9 14.93 119.06 133.99 NOTE
r-devel-linux-x86_64-debian-gcc 1.1.9 12.37 88.00 100.37 NOTE
r-devel-linux-x86_64-fedora-clang 1.1.9 175.17 NOTE
r-devel-linux-x86_64-fedora-gcc 1.1.9 166.67 NOTE
r-devel-windows-x86_64 1.1.9 38.00 127.00 165.00 NOTE
r-patched-linux-x86_64 1.1.9 12.24 111.82 124.06 NOTE
r-release-linux-x86_64 1.1.9 13.08 109.62 122.70 NOTE
r-release-macos-arm64 1.1.9 43.00 NOTE
r-release-macos-x86_64 1.1.9 77.00 NOTE
r-release-windows-x86_64 1.1.9 31.00 129.00 160.00 NOTE
r-oldrel-macos-arm64 1.1.9 47.00 NOTE
r-oldrel-macos-x86_64 1.1.9 84.00 NOTE
r-oldrel-windows-ix86+x86_64 1.1.9 33.00 126.00 159.00 NOTE

Check Details

Version: 1.1.9
Check: LazyData
Result: NOTE
     'LazyData' is specified without a 'data' directory
Flavors: r-devel-linux-x86_64-debian-clang, r-devel-linux-x86_64-debian-gcc, r-devel-linux-x86_64-fedora-clang, r-devel-linux-x86_64-fedora-gcc, r-devel-windows-x86_64, r-patched-linux-x86_64, r-release-linux-x86_64, r-release-macos-arm64, r-release-macos-x86_64, r-release-windows-x86_64, r-oldrel-macos-arm64, r-oldrel-macos-x86_64, r-oldrel-windows-ix86+x86_64