CRAN Package Check Results for Package Haplin

Last updated on 2021-11-28 22:51:16 CET.

Flavor Version Tinstall Tcheck Ttotal Status Flags
r-devel-linux-x86_64-debian-clang 7.2.3 OK
r-devel-linux-x86_64-debian-gcc 7.2.3 18.11 248.50 266.61 OK
r-devel-linux-x86_64-fedora-clang 7.2.3 439.90 OK
r-devel-linux-x86_64-fedora-gcc 7.2.3 426.72 OK
r-devel-windows-x86_64-new-UL 7.2.3 50.00 440.00 490.00 OK
r-devel-windows-x86_64-new-TK 7.2.3 OK
r-devel-windows-x86_64-old 7.2.3 26.00 377.00 403.00 OK
r-patched-linux-x86_64 7.2.3 24.33 330.18 354.51 OK
r-patched-solaris-x86 7.2.3 245.80 OK
r-release-linux-x86_64 7.2.3 21.12 334.22 355.34 OK
r-release-macos-arm64 7.2.3 NOTE
r-release-macos-x86_64 7.2.3 NOTE
r-release-windows-ix86+x86_64 7.2.3 45.00 464.00 509.00 OK
r-oldrel-macos-x86_64 7.2.3 NOTE
r-oldrel-windows-ix86+x86_64 7.2.3 31.00 460.00 491.00 OK

Check Details

Version: 7.2.3
Check: package dependencies
Result: NOTE
    Package suggested but not available for checking: ‘Rmpi’
Flavors: r-release-macos-arm64, r-release-macos-x86_64, r-oldrel-macos-x86_64