CRAN Package Check Results for Package HextractoR

Last updated on 2022-08-18 23:00:50 CEST.

Flavor Version Tinstall Tcheck Ttotal Status Flags
r-devel-linux-x86_64-debian-clang 1.4 3.58 28.25 31.83 NOTE
r-devel-linux-x86_64-debian-gcc 1.4 2.94 22.21 25.15 NOTE
r-devel-linux-x86_64-fedora-clang 1.4 48.96 NOTE
r-devel-linux-x86_64-fedora-gcc 1.4 48.15 NOTE
r-devel-windows-x86_64 1.4 10.00 53.00 63.00 NOTE
r-patched-linux-x86_64 1.4 3.46 27.43 30.89 NOTE
r-release-linux-x86_64 1.4 NOTE
r-release-macos-arm64 1.4 15.00 NOTE
r-release-macos-x86_64 1.4 23.00 NOTE
r-release-windows-x86_64 1.4 13.00 54.00 67.00 NOTE
r-oldrel-macos-arm64 1.4 22.00 NOTE
r-oldrel-macos-x86_64 1.4 30.00 NOTE
r-oldrel-windows-ix86+x86_64 1.4 7.00 52.00 59.00 NOTE

Check Details

Version: 1.4
Check: LazyData
Result: NOTE
     'LazyData' is specified without a 'data' directory
Flavors: r-devel-linux-x86_64-debian-clang, r-devel-linux-x86_64-debian-gcc, r-devel-linux-x86_64-fedora-clang, r-devel-linux-x86_64-fedora-gcc, r-devel-windows-x86_64, r-patched-linux-x86_64, r-release-linux-x86_64, r-release-macos-arm64, r-release-macos-x86_64, r-release-windows-x86_64, r-oldrel-macos-arm64, r-oldrel-macos-x86_64, r-oldrel-windows-ix86+x86_64