CRAN Package Check Results for Package HierPortfolios

Last updated on 2022-05-15 22:51:39 CEST.

Flavor Version Tinstall Tcheck Ttotal Status Flags
r-devel-linux-x86_64-debian-clang 0.1.0 2.37 32.37 34.74 OK
r-devel-linux-x86_64-debian-gcc 0.1.0 2.03 25.70 27.73 OK
r-devel-linux-x86_64-fedora-clang 0.1.0 44.54 NOTE
r-devel-linux-x86_64-fedora-gcc 0.1.0 43.40 NOTE
r-devel-windows-x86_64 0.1.0 22.00 54.00 76.00 OK
r-patched-linux-x86_64 0.1.0 1.75 31.47 33.22 OK
r-release-linux-x86_64 0.1.0 1.55 31.92 33.47 OK
r-release-macos-arm64 0.1.0 17.00 NOTE
r-release-macos-x86_64 0.1.0 27.00 NOTE
r-release-windows-x86_64 0.1.0 12.00 55.00 67.00 OK
r-oldrel-macos-arm64 0.1.0 16.00 NOTE
r-oldrel-macos-x86_64 0.1.0 23.00 NOTE
r-oldrel-windows-ix86+x86_64 0.1.0 6.00 44.00 50.00 OK

Check Details

Version: 0.1.0
Check: dependencies in R code
Result: NOTE
    Namespace in Imports field not imported from: ‘RiskPortfolios’
     All declared Imports should be used.
Flavors: r-devel-linux-x86_64-fedora-clang, r-devel-linux-x86_64-fedora-gcc, r-release-macos-arm64, r-release-macos-x86_64, r-oldrel-macos-arm64, r-oldrel-macos-x86_64