CRAN Package Check Results for Package ICD10gm

Last updated on 2022-01-20 22:54:05 CET.

Flavor Version Tinstall Tcheck Ttotal Status Flags
r-devel-linux-x86_64-debian-clang 1.2.4 OK
r-devel-linux-x86_64-debian-gcc 1.2.4 39.94 146.51 186.45 OK
r-devel-linux-x86_64-fedora-clang 1.2.4 303.78 NOTE
r-devel-linux-x86_64-fedora-gcc 1.2.4 288.41 NOTE
r-devel-windows-x86_64-new-UL 1.2.4 67.00 224.00 291.00 OK
r-devel-windows-x86_64-new-TK 1.2.4 NOTE
r-patched-linux-x86_64 1.2.4 41.39 191.87 233.26 OK
r-release-linux-x86_64 1.2.4 42.50 191.80 234.30 OK
r-release-macos-arm64 1.2.4 NOTE
r-release-macos-x86_64 1.2.4 NOTE
r-release-windows-ix86+x86_64 1.2.4 66.00 223.00 289.00 OK
r-oldrel-macos-x86_64 1.2.4 NOTE
r-oldrel-windows-ix86+x86_64 1.2.4 65.00 230.00 295.00 OK

Check Details

Version: 1.2.4
Check: data for non-ASCII characters
Result: NOTE
     Note: found 329984 marked UTF-8 strings
Flavors: r-devel-linux-x86_64-fedora-clang, r-devel-linux-x86_64-fedora-gcc, r-devel-windows-x86_64-new-TK, r-release-macos-arm64, r-release-macos-x86_64, r-oldrel-macos-x86_64