CRAN Package Check Results for Package ICsurv

Last updated on 2022-01-16 22:51:15 CET.

Flavor Version Tinstall Tcheck Ttotal Status Flags
r-devel-linux-x86_64-debian-clang 1.0 2.94 34.76 37.70 NOTE
r-devel-linux-x86_64-debian-gcc 1.0 2.38 29.76 32.14 NOTE
r-devel-linux-x86_64-fedora-clang 1.0 47.54 NOTE
r-devel-linux-x86_64-fedora-gcc 1.0 36.42 NOTE
r-devel-windows-x86_64-new-UL 1.0 13.00 50.00 63.00 NOTE
r-devel-windows-x86_64-new-TK 1.0 NOTE
r-patched-linux-x86_64 1.0 3.14 33.73 36.87 NOTE
r-release-linux-x86_64 1.0 NOTE
r-release-macos-arm64 1.0 NOTE
r-release-macos-x86_64 1.0 NOTE
r-release-windows-ix86+x86_64 1.0 6.00 46.00 52.00 NOTE
r-oldrel-macos-x86_64 1.0 NOTE
r-oldrel-windows-ix86+x86_64 1.0 6.00 44.00 50.00 NOTE

Check Details

Version: 1.0
Check: R code for possible problems
Result: NOTE
    PH.ICsurv.EM: no visible global function definition for 'quantile'
    PH.ICsurv.EM: no visible global function definition for 'optim'
    fast.PH.ICsurv.EM: no visible global function definition for 'quantile'
    fast.PH.ICsurv.EM: no visible global function definition for 'optim'
    Undefined global functions or variables:
     optim quantile
    Consider adding
     importFrom("stats", "optim", "quantile")
    to your NAMESPACE file.
Flavors: r-devel-linux-x86_64-debian-clang, r-devel-linux-x86_64-debian-gcc, r-devel-linux-x86_64-fedora-clang, r-devel-linux-x86_64-fedora-gcc, r-devel-windows-x86_64-new-UL, r-devel-windows-x86_64-new-TK, r-patched-linux-x86_64, r-release-linux-x86_64, r-release-macos-arm64, r-release-macos-x86_64, r-release-windows-ix86+x86_64, r-oldrel-macos-x86_64, r-oldrel-windows-ix86+x86_64