Last updated on 2023-03-19 22:57:35 CET.
Flavor | Version | Tinstall | Tcheck | Ttotal | Status | Flags |
---|---|---|---|---|---|---|
r-devel-linux-x86_64-debian-clang | 2.1 | OK | ||||
r-devel-linux-x86_64-debian-gcc | 2.1 | 5.85 | 52.23 | 58.08 | OK | |
r-devel-linux-x86_64-fedora-clang | 2.1 | 95.49 | NOTE | |||
r-devel-linux-x86_64-fedora-gcc | 2.1 | 103.75 | NOTE | |||
r-devel-windows-x86_64 | 2.1 | 18.00 | 107.00 | 125.00 | OK | |
r-patched-linux-x86_64 | 2.1 | 5.66 | 64.25 | 69.91 | OK | |
r-release-linux-x86_64 | 2.1 | 7.12 | 65.23 | 72.35 | OK | |
r-release-macos-arm64 | 2.1 | 32.00 | NOTE | |||
r-release-macos-x86_64 | 2.1 | 63.00 | NOTE | |||
r-release-windows-x86_64 | 2.1 | 19.00 | 109.00 | 128.00 | OK | |
r-oldrel-macos-arm64 | 2.1 | 37.00 | NOTE | |||
r-oldrel-macos-x86_64 | 2.1 | 46.00 | NOTE | |||
r-oldrel-windows-ix86+x86_64 | 2.1 | 18.00 | 102.00 | 120.00 | OK |
Version: 2.1
Check: dependencies in R code
Result: NOTE
Namespace in Imports field not imported from: ‘kableExtra’
All declared Imports should be used.
Flavors: r-devel-linux-x86_64-fedora-clang, r-devel-linux-x86_64-fedora-gcc, r-release-macos-arm64, r-release-macos-x86_64, r-oldrel-macos-arm64, r-oldrel-macos-x86_64