CRAN Package Check Results for Package IDSA

Last updated on 2022-05-16 22:52:13 CEST.

Flavor Version Tinstall Tcheck Ttotal Status Flags
r-devel-linux-x86_64-debian-clang 2.1 6.49 83.41 89.90 OK
r-devel-linux-x86_64-debian-gcc 2.1 5.54 61.65 67.19 OK
r-devel-linux-x86_64-fedora-clang 2.1 106.90 NOTE
r-devel-linux-x86_64-fedora-gcc 2.1 103.26 NOTE
r-devel-windows-x86_64 2.1 18.00 104.00 122.00 OK
r-patched-linux-x86_64 2.1 5.32 75.62 80.94 OK
r-release-linux-x86_64 2.1 5.40 78.00 83.40 OK
r-release-macos-arm64 2.1 32.00 NOTE
r-release-macos-x86_64 2.1 63.00 NOTE
r-release-windows-x86_64 2.1 18.00 109.00 127.00 OK
r-oldrel-macos-arm64 2.1 37.00 NOTE
r-oldrel-macos-x86_64 2.1 46.00 NOTE
r-oldrel-windows-ix86+x86_64 2.1 19.00 106.00 125.00 OK

Check Details

Version: 2.1
Check: dependencies in R code
Result: NOTE
    Namespace in Imports field not imported from: ‘kableExtra’
     All declared Imports should be used.
Flavors: r-devel-linux-x86_64-fedora-clang, r-devel-linux-x86_64-fedora-gcc, r-release-macos-arm64, r-release-macos-x86_64, r-oldrel-macos-arm64, r-oldrel-macos-x86_64