Last updated on 2023-12-08 23:08:12 CET.
Flavor | Version | Tinstall | Tcheck | Ttotal | Status | Flags |
---|---|---|---|---|---|---|
r-devel-linux-x86_64-debian-clang | 0.2.1 | 68.61 | 167.76 | 236.37 | NOTE | |
r-devel-linux-x86_64-debian-gcc | 0.2.1 | 58.46 | 124.79 | 183.25 | NOTE | |
r-devel-linux-x86_64-fedora-clang | 0.2.1 | 337.33 | NOTE | |||
r-devel-linux-x86_64-fedora-gcc | 0.2.1 | 313.42 | NOTE | |||
r-devel-windows-x86_64 | 0.2.1 | 63.00 | 180.00 | 243.00 | NOTE | |
r-patched-linux-x86_64 | 0.2.1 | 55.44 | 162.62 | 218.06 | NOTE | |
r-release-linux-x86_64 | 0.2.1 | 47.44 | 161.20 | 208.64 | NOTE | |
r-release-macos-arm64 | 0.2.1 | 78.00 | NOTE | |||
r-release-macos-x86_64 | 0.2.1 | 149.00 | NOTE | |||
r-release-windows-x86_64 | 0.2.1 | 82.00 | 209.00 | 291.00 | NOTE | |
r-oldrel-macos-arm64 | 0.2.1 | 69.00 | NOTE | |||
r-oldrel-macos-x86_64 | 0.2.1 | 100.00 | NOTE | |||
r-oldrel-windows-x86_64 | 0.2.1 | 77.00 | 157.00 | 234.00 | NOTE |
Version: 0.2.1
Check: package dependencies
Result: NOTE
Package suggested but not available for checking: ‘IFCdata’
Flavors: r-devel-linux-x86_64-debian-clang, r-devel-linux-x86_64-debian-gcc, r-devel-linux-x86_64-fedora-clang, r-devel-linux-x86_64-fedora-gcc, r-devel-windows-x86_64, r-patched-linux-x86_64, r-release-linux-x86_64, r-release-macos-arm64, r-release-macos-x86_64, r-release-windows-x86_64, r-oldrel-macos-arm64, r-oldrel-macos-x86_64, r-oldrel-windows-x86_64
Version: 0.2.1
Check: installed package size
Result: NOTE
installed size is 6.5Mb
sub-directories of 1Mb or more:
R 1.1Mb
libs 4.6Mb
Flavors: r-release-macos-arm64, r-release-macos-x86_64, r-oldrel-macos-arm64, r-oldrel-macos-x86_64