CRAN Package Check Results for Package IFC

Last updated on 2021-11-26 23:03:27 CET.

Flavor Version Tinstall Tcheck Ttotal Status Flags
r-devel-linux-x86_64-debian-clang 0.1.2 50.34 116.22 166.56 NOTE
r-devel-linux-x86_64-debian-gcc 0.1.2 46.40 85.50 131.90 NOTE
r-devel-linux-x86_64-fedora-clang 0.1.2 232.94 NOTE
r-devel-linux-x86_64-fedora-gcc 0.1.2 213.52 NOTE
r-devel-windows-x86_64-new-UL 0.1.2 105.00 178.00 283.00 NOTE
r-devel-windows-x86_64-new-TK 0.1.2 NOTE
r-devel-windows-x86_64-old 0.1.2 57.00 149.00 206.00 NOTE
r-patched-linux-x86_64 0.1.2 56.34 112.90 169.24 NOTE
r-patched-solaris-x86 0.1.2 223.90 NOTE
r-release-linux-x86_64 0.1.2 NOTE
r-release-macos-arm64 0.1.2 NOTE
r-release-macos-x86_64 0.1.2 NOTE
r-release-windows-ix86+x86_64 0.1.2 118.00 119.00 237.00 NOTE
r-oldrel-macos-x86_64 0.1.2 NOTE
r-oldrel-windows-ix86+x86_64 0.1.2 87.00 166.00 253.00 NOTE

Check Details

Version: 0.1.2
Check: package dependencies
Result: NOTE
    Package suggested but not available for checking: 'IFCdata'
Flavors: r-devel-linux-x86_64-debian-clang, r-devel-linux-x86_64-debian-gcc, r-devel-linux-x86_64-fedora-clang, r-devel-linux-x86_64-fedora-gcc, r-devel-windows-x86_64-new-UL, r-devel-windows-x86_64-new-TK, r-devel-windows-x86_64-old, r-patched-linux-x86_64, r-patched-solaris-x86, r-release-linux-x86_64, r-release-macos-arm64, r-release-macos-x86_64, r-release-windows-ix86+x86_64, r-oldrel-macos-x86_64, r-oldrel-windows-ix86+x86_64

Version: 0.1.2
Check: installed package size
Result: NOTE
     installed size is 6.5Mb
     sub-directories of 1Mb or more:
     libs 5.0Mb
Flavors: r-release-macos-arm64, r-release-macos-x86_64, r-oldrel-macos-x86_64