CRAN Package Check Results for Package IPCWK

Last updated on 2021-11-29 22:59:14 CET.

Flavor Version Tinstall Tcheck Ttotal Status Flags
r-devel-linux-x86_64-debian-clang 1.0 7.95 62.61 70.56 NOTE
r-devel-linux-x86_64-debian-gcc 1.0 5.84 48.95 54.79 NOTE
r-devel-linux-x86_64-fedora-clang 1.0 95.47 NOTE
r-devel-linux-x86_64-fedora-gcc 1.0 89.07 NOTE
r-devel-windows-x86_64-new-UL 1.0 13.00 99.00 112.00 NOTE
r-devel-windows-x86_64-new-TK 1.0 NOTE
r-devel-windows-x86_64-old 1.0 11.00 65.00 76.00 NOTE
r-patched-linux-x86_64 1.0 6.32 59.83 66.15 NOTE
r-patched-solaris-x86 1.0 130.20 NOTE
r-release-linux-x86_64 1.0 7.30 60.18 67.48 NOTE
r-release-macos-arm64 1.0 NOTE
r-release-macos-x86_64 1.0 NOTE
r-release-windows-ix86+x86_64 1.0 16.00 64.00 80.00 NOTE
r-oldrel-macos-x86_64 1.0 OK
r-oldrel-windows-ix86+x86_64 1.0 11.00 64.00 75.00 OK

Check Details

Version: 1.0
Check: LazyData
Result: NOTE
     'LazyData' is specified without a 'data' directory
Flavors: r-devel-linux-x86_64-debian-clang, r-devel-linux-x86_64-debian-gcc, r-devel-linux-x86_64-fedora-clang, r-devel-linux-x86_64-fedora-gcc, r-devel-windows-x86_64-new-UL, r-devel-windows-x86_64-new-TK, r-devel-windows-x86_64-old, r-patched-linux-x86_64, r-patched-solaris-x86, r-release-linux-x86_64, r-release-macos-arm64, r-release-macos-x86_64, r-release-windows-ix86+x86_64