CRAN Package Check Results for Package IPWboxplot

Last updated on 2021-12-06 21:51:17 CET.

Flavor Version Tinstall Tcheck Ttotal Status Flags
r-devel-linux-x86_64-debian-clang 0.1.0 2.98 41.18 44.16 NOTE
r-devel-linux-x86_64-debian-gcc 0.1.0 1.97 32.66 34.63 NOTE
r-devel-linux-x86_64-fedora-clang 0.1.0 58.57 OK
r-devel-linux-x86_64-fedora-gcc 0.1.0 44.61 OK
r-devel-windows-x86_64-new-UL 0.1.0 10.00 95.00 105.00 NOTE
r-devel-windows-x86_64-new-TK 0.1.0 OK
r-devel-windows-x86_64-old 0.1.0 7.00 46.00 53.00 NOTE
r-patched-linux-x86_64 0.1.0 2.81 31.66 34.47 NOTE
r-release-linux-x86_64 0.1.0 2.78 39.60 42.38 NOTE
r-release-macos-arm64 0.1.0 OK
r-release-macos-x86_64 0.1.0 OK
r-release-windows-ix86+x86_64 0.1.0 7.00 72.00 79.00 NOTE
r-oldrel-macos-x86_64 0.1.0 OK
r-oldrel-windows-ix86+x86_64 0.1.0 6.00 60.00 66.00 NOTE

Check Details

Version: 0.1.0
Check: package vignettes
Result: NOTE
    Package vignette with placeholder title 'Vignette Title':
     'my-vignette.Rmd'
Flavors: r-devel-linux-x86_64-debian-clang, r-devel-linux-x86_64-debian-gcc, r-devel-windows-x86_64-new-UL, r-devel-windows-x86_64-old, r-patched-linux-x86_64, r-release-linux-x86_64, r-release-windows-ix86+x86_64, r-oldrel-windows-ix86+x86_64