CRAN Package Check Results for Package IRCcheck

Last updated on 2021-12-06 21:51:17 CET.

Flavor Version Tinstall Tcheck Ttotal Status Flags
r-devel-linux-x86_64-debian-clang 1.0.0 4.83 57.06 61.89 OK
r-devel-linux-x86_64-debian-gcc 1.0.0 4.07 43.36 47.43 OK
r-devel-linux-x86_64-fedora-clang 1.0.0 80.80 NOTE
r-devel-linux-x86_64-fedora-gcc 1.0.0 63.93 NOTE
r-devel-windows-x86_64-new-UL 1.0.0 12.00 90.00 102.00 OK
r-devel-windows-x86_64-new-TK 1.0.0 NOTE
r-devel-windows-x86_64-old 1.0.0 10.00 51.00 61.00 OK
r-patched-linux-x86_64 1.0.0 4.79 45.28 50.07 OK
r-release-linux-x86_64 1.0.0 4.85 53.25 58.10 OK
r-release-macos-arm64 1.0.0 NOTE
r-release-macos-x86_64 1.0.0 NOTE
r-release-windows-ix86+x86_64 1.0.0 14.00 67.00 81.00 OK
r-oldrel-macos-x86_64 1.0.0 NOTE
r-oldrel-windows-ix86+x86_64 1.0.0 14.00 69.00 83.00 OK

Check Details

Version: 1.0.0
Check: dependencies in R code
Result: NOTE
    Namespaces in Imports field not imported from:
     ‘Rdpack’ ‘glmnet’
     All declared Imports should be used.
Flavors: r-devel-linux-x86_64-fedora-clang, r-devel-linux-x86_64-fedora-gcc, r-devel-windows-x86_64-new-TK, r-release-macos-arm64, r-release-macos-x86_64, r-oldrel-macos-x86_64