CRAN Package Check Results for Package Inflation

Last updated on 2021-11-27 22:57:00 CET.

Flavor Version Tinstall Tcheck Ttotal Status Flags
r-devel-linux-x86_64-debian-clang 0.1.0 OK
r-devel-linux-x86_64-debian-gcc 0.1.0 1.73 21.24 22.97 OK
r-devel-linux-x86_64-fedora-clang 0.1.0 46.44 NOTE
r-devel-linux-x86_64-fedora-gcc 0.1.0 35.50 NOTE
r-devel-windows-x86_64-new-UL 0.1.0 7.00 65.00 72.00 OK
r-devel-windows-x86_64-new-TK 0.1.0 NOTE
r-devel-windows-x86_64-old 0.1.0 4.00 48.00 52.00 OK
r-patched-linux-x86_64 0.1.0 2.47 25.98 28.45 OK
r-patched-solaris-x86 0.1.0 4.40 ERROR
r-release-linux-x86_64 0.1.0 OK
r-release-macos-arm64 0.1.0 NOTE
r-release-macos-x86_64 0.1.0 NOTE
r-release-windows-ix86+x86_64 0.1.0 5.00 34.00 39.00 OK
r-oldrel-macos-x86_64 0.1.0 NOTE
r-oldrel-windows-ix86+x86_64 0.1.0 5.00 47.00 52.00 OK

Check Details

Version: 0.1.0
Check: data for non-ASCII characters
Result: NOTE
     Note: found 151 marked UTF-8 strings
Flavors: r-devel-linux-x86_64-fedora-clang, r-devel-linux-x86_64-fedora-gcc, r-devel-windows-x86_64-new-TK, r-release-macos-arm64, r-release-macos-x86_64, r-oldrel-macos-x86_64

Version: 0.1.0
Check: package dependencies
Result: ERROR
    Package required but not available: ‘seasonal’
    
    See section ‘The DESCRIPTION file’ in the ‘Writing R Extensions’
    manual.
Flavor: r-patched-solaris-x86