CRAN Package Check Results for Package InformationValue

Last updated on 2021-12-06 21:51:16 CET.

Flavor Version Tinstall Tcheck Ttotal Status Flags
r-devel-linux-x86_64-debian-clang 1.2.3 4.92 65.73 70.65 NOTE
r-devel-linux-x86_64-debian-gcc 1.2.3 4.38 49.80 54.18 NOTE
r-devel-linux-x86_64-fedora-clang 1.2.3 89.04 NOTE
r-devel-linux-x86_64-fedora-gcc 1.2.3 73.89 NOTE
r-devel-windows-x86_64-new-UL 1.2.3 13.00 100.00 113.00 NOTE
r-devel-windows-x86_64-new-TK 1.2.3 NOTE
r-devel-windows-x86_64-old 1.2.3 10.00 64.00 74.00 NOTE
r-patched-linux-x86_64 1.2.3 5.48 48.11 53.59 NOTE
r-release-linux-x86_64 1.2.3 4.22 55.89 60.11 NOTE
r-release-macos-arm64 1.2.3 NOTE
r-release-macos-x86_64 1.2.3 NOTE
r-release-windows-ix86+x86_64 1.2.3 14.00 72.00 86.00 NOTE
r-oldrel-macos-x86_64 1.2.3 NOTE
r-oldrel-windows-ix86+x86_64 1.2.3 14.00 75.00 89.00 NOTE

Check Details

Version: 1.2.3
Check: DESCRIPTION meta-information
Result: NOTE
    BugReports field should be the URL of a single webpage
Flavors: r-devel-linux-x86_64-debian-clang, r-devel-linux-x86_64-debian-gcc, r-devel-linux-x86_64-fedora-clang, r-devel-linux-x86_64-fedora-gcc, r-devel-windows-x86_64-new-UL, r-devel-windows-x86_64-new-TK, r-devel-windows-x86_64-old, r-patched-linux-x86_64, r-release-linux-x86_64, r-release-macos-arm64, r-release-macos-x86_64, r-release-windows-ix86+x86_64, r-oldrel-macos-x86_64, r-oldrel-windows-ix86+x86_64