CRAN Package Check Results for Package InjurySeverityScore

Last updated on 2022-05-15 22:51:39 CEST.

Flavor Version Tinstall Tcheck Ttotal Status Flags
r-devel-linux-x86_64-debian-clang 0.0.0.2 1.78 32.54 34.32 NOTE
r-devel-linux-x86_64-debian-gcc 0.0.0.2 1.43 25.08 26.51 NOTE
r-devel-linux-x86_64-fedora-clang 0.0.0.2 43.28 NOTE
r-devel-linux-x86_64-fedora-gcc 0.0.0.2 41.58 NOTE
r-devel-windows-x86_64 0.0.0.2 21.00 49.00 70.00 NOTE
r-patched-linux-x86_64 0.0.0.2 1.48 31.15 32.63 NOTE
r-release-linux-x86_64 0.0.0.2 1.74 31.80 33.54 NOTE
r-release-macos-arm64 0.0.0.2 15.00 NOTE
r-release-macos-x86_64 0.0.0.2 27.00 NOTE
r-release-windows-x86_64 0.0.0.2 25.00 49.00 74.00 NOTE
r-oldrel-macos-arm64 0.0.0.2 18.00 NOTE
r-oldrel-macos-x86_64 0.0.0.2 26.00 NOTE
r-oldrel-windows-ix86+x86_64 0.0.0.2 6.00 46.00 52.00 NOTE

Check Details

Version: 0.0.0.2
Check: LazyData
Result: NOTE
     'LazyData' is specified without a 'data' directory
Flavors: r-devel-linux-x86_64-debian-clang, r-devel-linux-x86_64-debian-gcc, r-devel-linux-x86_64-fedora-clang, r-devel-linux-x86_64-fedora-gcc, r-devel-windows-x86_64, r-patched-linux-x86_64, r-release-linux-x86_64, r-release-macos-arm64, r-release-macos-x86_64, r-release-windows-x86_64, r-oldrel-macos-arm64, r-oldrel-macos-x86_64, r-oldrel-windows-ix86+x86_64