CRAN Package Check Results for Package InterfaceqPCR

Last updated on 2022-05-19 22:54:12 CEST.

Flavor Version Tinstall Tcheck Ttotal Status Flags
r-devel-linux-x86_64-debian-clang 1.0 16.26 109.47 125.73 NOTE
r-devel-linux-x86_64-debian-gcc 1.0 11.40 82.18 93.58 NOTE
r-devel-linux-x86_64-fedora-clang 1.0 150.79 NOTE
r-devel-linux-x86_64-fedora-gcc 1.0 152.55 NOTE
r-devel-windows-x86_64 1.0 24.00 93.00 117.00 NOTE
r-patched-linux-x86_64 1.0 14.91 107.01 121.92 NOTE
r-release-linux-x86_64 1.0 16.07 108.04 124.11 NOTE
r-release-macos-arm64 1.0 57.00 NOTE
r-release-macos-x86_64 1.0 80.00 NOTE
r-release-windows-x86_64 1.0 38.00 94.00 132.00 NOTE
r-oldrel-macos-arm64 1.0 81.00 NOTE
r-oldrel-macos-x86_64 1.0 88.00 NOTE
r-oldrel-windows-ix86+x86_64 1.0 21.00 93.00 114.00 NOTE

Check Details

Version: 1.0
Check: LazyData
Result: NOTE
     'LazyData' is specified without a 'data' directory
Flavors: r-devel-linux-x86_64-debian-clang, r-devel-linux-x86_64-debian-gcc, r-devel-linux-x86_64-fedora-clang, r-devel-linux-x86_64-fedora-gcc, r-devel-windows-x86_64, r-patched-linux-x86_64, r-release-linux-x86_64, r-release-macos-arm64, r-release-macos-x86_64, r-release-windows-x86_64, r-oldrel-macos-arm64, r-oldrel-macos-x86_64, r-oldrel-windows-ix86+x86_64