Last updated on 2023-03-24 22:55:13 CET.
Flavor | Version | Tinstall | Tcheck | Ttotal | Status | Flags |
---|---|---|---|---|---|---|
r-devel-linux-x86_64-debian-clang | 1.0 | 14.47 | 105.99 | 120.46 | NOTE | |
r-devel-linux-x86_64-debian-gcc | 1.0 | 10.91 | 77.76 | 88.67 | NOTE | |
r-devel-linux-x86_64-fedora-clang | 1.0 | 148.20 | NOTE | |||
r-devel-linux-x86_64-fedora-gcc | 1.0 | 156.29 | NOTE | |||
r-devel-windows-x86_64 | 1.0 | 35.00 | 115.00 | 150.00 | NOTE | |
r-patched-linux-x86_64 | 1.0 | 14.83 | 106.00 | 120.83 | NOTE | |
r-release-linux-x86_64 | 1.0 | 15.13 | 104.12 | 119.25 | NOTE | |
r-release-macos-arm64 | 1.0 | 57.00 | NOTE | |||
r-release-macos-x86_64 | 1.0 | 80.00 | NOTE | |||
r-release-windows-x86_64 | 1.0 | 28.00 | 112.00 | 140.00 | NOTE | |
r-oldrel-macos-arm64 | 1.0 | 81.00 | NOTE | |||
r-oldrel-macos-x86_64 | 1.0 | 88.00 | NOTE | |||
r-oldrel-windows-ix86+x86_64 | 1.0 | 23.00 | 102.00 | 125.00 | NOTE |
Version: 1.0
Check: LazyData
Result: NOTE
'LazyData' is specified without a 'data' directory
Flavors: r-devel-linux-x86_64-debian-clang, r-devel-linux-x86_64-debian-gcc, r-devel-linux-x86_64-fedora-clang, r-devel-linux-x86_64-fedora-gcc, r-devel-windows-x86_64, r-patched-linux-x86_64, r-release-linux-x86_64, r-release-macos-arm64, r-release-macos-x86_64, r-release-windows-x86_64, r-oldrel-macos-arm64, r-oldrel-macos-x86_64, r-oldrel-windows-ix86+x86_64