CRAN Package Check Results for Package InvasionCorrection

Last updated on 2021-12-04 22:59:37 CET.

Flavor Version Tinstall Tcheck Ttotal Status Flags
r-devel-linux-x86_64-debian-clang 0.1 2.20 28.89 31.09 NOTE
r-devel-linux-x86_64-debian-gcc 0.1 1.66 23.25 24.91 NOTE
r-devel-linux-x86_64-fedora-clang 0.1 38.70 NOTE
r-devel-linux-x86_64-fedora-gcc 0.1 29.33 NOTE
r-devel-windows-x86_64-new-UL 0.1 5.00 52.00 57.00 NOTE
r-devel-windows-x86_64-new-TK 0.1 NOTE
r-devel-windows-x86_64-old 0.1 3.00 31.00 34.00 NOTE
r-patched-linux-x86_64 0.1 1.88 20.21 22.09 NOTE
r-release-linux-x86_64 0.1 2.01 20.18 22.19 NOTE
r-release-macos-arm64 0.1 NOTE
r-release-macos-x86_64 0.1 NOTE
r-release-windows-ix86+x86_64 0.1 5.00 38.00 43.00 NOTE
r-oldrel-macos-x86_64 0.1 OK
r-oldrel-windows-ix86+x86_64 0.1 4.00 35.00 39.00 OK

Check Details

Version: 0.1
Check: LazyData
Result: NOTE
     'LazyData' is specified without a 'data' directory
Flavors: r-devel-linux-x86_64-debian-clang, r-devel-linux-x86_64-debian-gcc, r-devel-linux-x86_64-fedora-clang, r-devel-linux-x86_64-fedora-gcc, r-devel-windows-x86_64-new-UL, r-devel-windows-x86_64-new-TK, r-devel-windows-x86_64-old, r-patched-linux-x86_64, r-release-linux-x86_64, r-release-macos-arm64, r-release-macos-x86_64, r-release-windows-ix86+x86_64