Last updated on 2023-03-24 22:55:13 CET.
Flavor | Version | Tinstall | Tcheck | Ttotal | Status | Flags |
---|---|---|---|---|---|---|
r-devel-linux-x86_64-debian-clang | 2.3.0 | 12.17 | 152.24 | 164.41 | NOTE | |
r-devel-linux-x86_64-debian-gcc | 2.3.0 | 8.43 | 114.52 | 122.95 | NOTE | |
r-devel-linux-x86_64-fedora-clang | 2.3.0 | 206.57 | NOTE | |||
r-devel-linux-x86_64-fedora-gcc | 2.3.0 | 214.96 | NOTE | |||
r-devel-windows-x86_64 | 2.3.0 | 36.00 | 200.00 | 236.00 | NOTE | |
r-patched-linux-x86_64 | 2.3.0 | 13.02 | 145.70 | 158.72 | NOTE | |
r-release-linux-x86_64 | 2.3.0 | 12.17 | 142.93 | 155.10 | NOTE | |
r-release-macos-arm64 | 2.3.0 | 57.00 | NOTE | |||
r-release-macos-x86_64 | 2.3.0 | 147.00 | NOTE | |||
r-release-windows-x86_64 | 2.3.0 | 39.00 | 202.00 | 241.00 | NOTE | |
r-oldrel-macos-arm64 | 2.3.0 | 77.00 | NOTE | |||
r-oldrel-macos-x86_64 | 2.3.0 | 140.00 | NOTE | |||
r-oldrel-windows-ix86+x86_64 | 2.3.0 | 26.00 | 179.00 | 205.00 | NOTE |
Version: 2.3.0
Check: LazyData
Result: NOTE
'LazyData' is specified without a 'data' directory
Flavors: r-devel-linux-x86_64-debian-clang, r-devel-linux-x86_64-debian-gcc, r-devel-linux-x86_64-fedora-clang, r-devel-linux-x86_64-fedora-gcc, r-devel-windows-x86_64, r-patched-linux-x86_64, r-release-linux-x86_64, r-release-macos-arm64, r-release-macos-x86_64, r-release-windows-x86_64, r-oldrel-macos-arm64, r-oldrel-macos-x86_64, r-oldrel-windows-ix86+x86_64