CRAN Package Check Results for Package IrregLong

Last updated on 2024-03-03 22:58:53 CET.

Flavor Version Tinstall Tcheck Ttotal Status Flags
r-devel-linux-x86_64-debian-clang 0.3.4 11.64 115.14 126.78 NOTE
r-devel-linux-x86_64-debian-gcc 0.3.4 8.70 85.28 93.98 NOTE
r-devel-linux-x86_64-fedora-clang 0.3.4 153.26 NOTE
r-devel-linux-x86_64-fedora-gcc 0.3.4 171.05 NOTE
r-devel-windows-x86_64 0.3.4 10.00 97.00 107.00 OK
r-patched-linux-x86_64 0.3.4 7.88 109.49 117.37 OK
r-release-linux-x86_64 0.3.4 7.72 111.40 119.12 OK
r-release-macos-arm64 0.3.4 59.00 OK
r-release-macos-x86_64 0.3.4 100.00 OK
r-release-windows-x86_64 0.3.4 14.00 119.00 133.00 OK
r-oldrel-macos-arm64 0.3.4 42.00 OK
r-oldrel-windows-x86_64 0.3.4 14.00 115.00 129.00 OK

Check Details

Version: 0.3.4
Check: Rd files
Result: NOTE checkRd: (-1) extent.of.irregularity.Rd:59: Lost braces; missing escapes or markup? 59 | This function provides plots and a numerical summary of the extent of irregularity in visit times. For any given set of cutpoints, it computes the proportion of individuals with 0, 1 and >1 observation(s) in each bin, then takes the mean over bins. The sizes of the bins are varied and these proportions are plotted against bin size. In addition, then mean proportion of individuals with >1 visit per bin is plotted vs. the mean proportion of individuals with 0 visits per bin, and the area under the curve is calculated (AUC). An AUC of 0 represents perfect repeated measures while a Poisson Process has an AUC of 0. If cutpoints are not supplied, they are computed as follows: (a) for studies with protocolized visit times, the left- and right-hand cutpoints are positioned at the protocolized time minus (or plus, for right-hand cutpoints) (1,...,ncutpts)/ncutpts times the gap to the previous (or next, respectively) protocolized visit time; (b) for studies with no protocolized visit times, cutpoints are calculated by finding, for each j in {1,...,ncutpts} the largest times for which the cumulative hazard is less than j divided by the cumulative hazard evaluated at the maximum time of interest. This corresponds to choosing cutpoints such that the expected number of visits per bin is roughly equal within each set. | ^ Flavors: r-devel-linux-x86_64-debian-clang, r-devel-linux-x86_64-debian-gcc, r-devel-linux-x86_64-fedora-clang, r-devel-linux-x86_64-fedora-gcc