CRAN Package Check Results for Package JFE

Last updated on 2022-01-15 21:52:15 CET.

Flavor Version Tinstall Tcheck Ttotal Status Flags
r-devel-linux-x86_64-debian-clang 2.5.2 27.86 239.70 267.56 OK
r-devel-linux-x86_64-debian-gcc 2.5.2 22.52 175.18 197.70 OK
r-devel-linux-x86_64-fedora-clang 2.5.2 225.44 OK
r-devel-linux-x86_64-fedora-gcc 2.5.2 325.94 OK
r-devel-windows-x86_64-new-UL 2.5.2 49.00 265.00 314.00 OK
r-devel-windows-x86_64-new-TK 2.5.2 NOTE
r-patched-linux-x86_64 2.5.2 26.59 226.76 253.35 OK
r-release-linux-x86_64 2.5.2 25.14 225.23 250.37 OK
r-release-macos-arm64 2.5.2 OK
r-release-macos-x86_64 2.5.2 OK
r-release-windows-ix86+x86_64 2.5.2 39.00 277.00 316.00 OK
r-oldrel-macos-x86_64 2.5.2 OK
r-oldrel-windows-ix86+x86_64 2.5.2 59.00 279.00 338.00 OK

Check Details

Version: 2.5.2
Check: package dependencies
Result: NOTE
    Packages suggested but not available for checking: 'iClick', 'rugarch'
Flavor: r-devel-windows-x86_64-new-TK