CRAN Package Check Results for Package JLPM

Last updated on 2024-02-21 23:11:32 CET.

Flavor Version Tinstall Tcheck Ttotal Status Flags
r-devel-linux-x86_64-debian-clang 1.0.2 NOTE
r-devel-linux-x86_64-debian-gcc 1.0.2 18.62 66.43 85.05 NOTE
r-devel-linux-x86_64-fedora-clang 1.0.2 144.83 NOTE
r-devel-linux-x86_64-fedora-gcc 1.0.2 140.99 NOTE
r-devel-windows-x86_64 1.0.2 20.00 82.00 102.00 OK
r-patched-linux-x86_64 1.0.2 23.44 88.33 111.77 OK
r-release-linux-x86_64 1.0.2 23.06 84.25 107.31 OK
r-release-macos-arm64 1.0.2 136.00 OK
r-release-macos-x86_64 1.0.2 102.00 OK
r-release-windows-x86_64 1.0.2 26.00 98.00 124.00 OK
r-oldrel-macos-arm64 1.0.2 49.00 OK
r-oldrel-windows-x86_64 1.0.2 25.00 100.00 125.00 OK

Check Details

Version: 1.0.2
Check: Rd files
Result: NOTE checkRd: (-1) jointLPM.Rd:298: Lost braces; missing escapes or markup? 298 | following transformation b_1 + b_2*I_1(Y(t)) + ... + b_{n+2}*I_{n+1}(Y(t)), | ^ checkRd: (-1) jointLPM.Rd:298: Lost braces; missing escapes or markup? 298 | following transformation b_1 + b_2*I_1(Y(t)) + ... + b_{n+2}*I_{n+1}(Y(t)), | ^ checkRd: (-1) jointLPM.Rd:299: Lost braces; missing escapes or markup? 299 | where I_1,...,I_{n+1} is the basis of quadratic I-splines. To constraint the | ^ Flavors: r-devel-linux-x86_64-debian-clang, r-devel-linux-x86_64-debian-gcc, r-devel-linux-x86_64-fedora-clang, r-devel-linux-x86_64-fedora-gcc