CRAN Package Check Results for Package JMI

Last updated on 2022-06-30 22:55:33 CEST.

Flavor Version Tinstall Tcheck Ttotal Status Flags
r-devel-linux-x86_64-debian-clang 0.1.0 26.95 27.04 53.99 NOTE
r-devel-linux-x86_64-debian-gcc 0.1.0 26.63 20.82 47.45 NOTE
r-devel-linux-x86_64-fedora-clang 0.1.0 98.77 NOTE
r-devel-linux-x86_64-fedora-gcc 0.1.0 86.88 NOTE
r-devel-windows-x86_64 0.1.0 33.00 75.00 108.00 NOTE
r-patched-linux-x86_64 0.1.0 27.51 26.05 53.56 NOTE
r-release-linux-x86_64 0.1.0 25.26 26.26 51.52 NOTE
r-release-macos-arm64 0.1.0 25.00 NOTE
r-release-macos-x86_64 0.1.0 33.00 NOTE
r-release-windows-x86_64 0.1.0 32.00 78.00 110.00 NOTE
r-oldrel-macos-arm64 0.1.0 29.00 NOTE
r-oldrel-macos-x86_64 0.1.0 47.00 NOTE
r-oldrel-windows-ix86+x86_64 0.1.0 85.00 67.00 152.00 NOTE

Check Details

Version: 0.1.0
Check: LazyData
Result: NOTE
     'LazyData' is specified without a 'data' directory
Flavors: r-devel-linux-x86_64-debian-clang, r-devel-linux-x86_64-debian-gcc, r-devel-linux-x86_64-fedora-clang, r-devel-linux-x86_64-fedora-gcc, r-devel-windows-x86_64, r-patched-linux-x86_64, r-release-linux-x86_64, r-release-macos-arm64, r-release-macos-x86_64, r-release-windows-x86_64, r-oldrel-macos-arm64, r-oldrel-macos-x86_64, r-oldrel-windows-ix86+x86_64