CRAN Package Check Results for Package JMbayes

Last updated on 2022-01-24 22:56:30 CET.

Flavor Version Tinstall Tcheck Ttotal Status Flags
r-devel-linux-x86_64-debian-clang 0.8-85 149.96 207.80 357.76 OK
r-devel-linux-x86_64-debian-gcc 0.8-85 117.61 153.22 270.83 OK
r-devel-linux-x86_64-fedora-clang 0.8-85 485.73 NOTE
r-devel-linux-x86_64-fedora-gcc 0.8-85 465.90 OK
r-devel-windows-x86_64-new-UL 0.8-85 156.00 229.00 385.00 OK
r-devel-windows-x86_64-new-TK 0.8-85 OK
r-patched-linux-x86_64 0.8-85 124.25 197.65 321.90 OK
r-release-linux-x86_64 0.8-85 110.51 200.12 310.63 OK
r-release-macos-arm64 0.8-85 NOTE
r-release-macos-x86_64 0.8-85 NOTE
r-release-windows-ix86+x86_64 0.8-85 329.00 284.00 613.00 OK
r-oldrel-macos-x86_64 0.8-85 NOTE
r-oldrel-windows-ix86+x86_64 0.8-85 328.00 285.00 613.00 OK

Check Details

Version: 0.8-85
Check: installed package size
Result: NOTE
     installed size is 7.9Mb
     sub-directories of 1Mb or more:
     libs 6.7Mb
Flavors: r-devel-linux-x86_64-fedora-clang, r-release-macos-arm64, r-release-macos-x86_64, r-oldrel-macos-x86_64