CRAN Package Check Results for Package JMbayes2

Last updated on 2024-02-20 23:53:57 CET.

Flavor Version Tinstall Tcheck Ttotal Status Flags
r-devel-linux-x86_64-debian-clang 0.4-5 OK
r-devel-linux-x86_64-debian-gcc 0.4-5 79.07 107.76 186.83 OK
r-devel-linux-x86_64-fedora-clang 0.4-5 326.72 OK
r-devel-linux-x86_64-fedora-gcc 0.4-5 341.74 OK
r-devel-windows-x86_64 0.4-5 73.00 132.00 205.00 OK
r-patched-linux-x86_64 0.4-5 89.35 145.59 234.94 OK
r-release-linux-x86_64 0.4-5 94.69 145.20 239.89 OK
r-release-macos-arm64 0.4-5 74.00 NOTE
r-release-macos-x86_64 0.4-5 175.00 NOTE
r-release-windows-x86_64 0.4-5 92.00 172.00 264.00 OK
r-oldrel-macos-arm64 0.4-5 82.00 NOTE
r-oldrel-windows-x86_64 0.4-5 89.00 166.00 255.00 OK

Check Details

Version: 0.4-5
Check: installed package size
Result: NOTE installed size is 9.7Mb sub-directories of 1Mb or more: libs 9.0Mb Flavors: r-release-macos-arm64, r-release-macos-x86_64, r-oldrel-macos-arm64