Last updated on 2022-05-21 22:58:16 CEST.
Flavor | Version | Tinstall | Tcheck | Ttotal | Status | Flags |
---|---|---|---|---|---|---|
r-devel-linux-x86_64-debian-clang | 0.2-0 | 105.44 | 153.89 | 259.33 | OK | |
r-devel-linux-x86_64-debian-gcc | 0.2-0 | 92.95 | 112.75 | 205.70 | OK | |
r-devel-linux-x86_64-fedora-clang | 0.2-0 | 330.33 | NOTE | |||
r-devel-linux-x86_64-fedora-gcc | 0.2-0 | 319.68 | OK | |||
r-devel-windows-x86_64 | 0.2-0 | 94.00 | 178.00 | 272.00 | OK | |
r-patched-linux-x86_64 | 0.2-0 | 92.98 | 142.26 | 235.24 | OK | |
r-release-linux-x86_64 | 0.2-0 | 94.07 | 142.07 | 236.14 | OK | |
r-release-macos-arm64 | 0.2-0 | 76.00 | NOTE | |||
r-release-macos-x86_64 | 0.2-0 | 150.00 | NOTE | |||
r-release-windows-x86_64 | 0.2-0 | 92.00 | 173.00 | 265.00 | OK | |
r-oldrel-macos-arm64 | 0.2-0 | 57.00 | NOTE | |||
r-oldrel-macos-x86_64 | 0.2-0 | 98.00 | NOTE | |||
r-oldrel-windows-ix86+x86_64 | 0.2-0 | 207.00 | 204.00 | 411.00 | OK |
Version: 0.2-0
Check: installed package size
Result: NOTE
installed size is 7.0Mb
sub-directories of 1Mb or more:
libs 6.3Mb
Flavors: r-devel-linux-x86_64-fedora-clang, r-release-macos-arm64, r-release-macos-x86_64, r-oldrel-macos-arm64, r-oldrel-macos-x86_64