CRAN Package Check Results for Package JMbayes2

Last updated on 2022-11-29 22:05:04 CET.

Flavor Version Tinstall Tcheck Ttotal Status Flags
r-devel-linux-x86_64-debian-clang 0.3-0 97.79 145.74 243.53 OK
r-devel-linux-x86_64-debian-gcc 0.3-0 92.54 106.12 198.66 OK
r-devel-linux-x86_64-fedora-clang 0.3-0 324.42 OK
r-devel-linux-x86_64-fedora-gcc 0.3-0 340.59 OK
r-devel-windows-x86_64 0.3-0 117.00 178.00 295.00 OK
r-patched-linux-x86_64 0.3-0 88.77 134.27 223.04 OK
r-release-linux-x86_64 0.3-0 92.15 136.03 228.18 OK
r-release-macos-arm64 0.3-0 80.00 NOTE
r-release-macos-x86_64 0.3-0 108.00 NOTE
r-release-windows-x86_64 0.3-0 110.00 183.00 293.00 OK
r-oldrel-macos-arm64 0.3-0 80.00 NOTE
r-oldrel-macos-x86_64 0.3-0 112.00 NOTE
r-oldrel-windows-ix86+x86_64 0.3-0 208.00 204.00 412.00 OK

Check Details

Version: 0.3-0
Check: installed package size
Result: NOTE
     installed size is 10.2Mb
     sub-directories of 1Mb or more:
     libs 9.6Mb
Flavors: r-release-macos-arm64, r-release-macos-x86_64, r-oldrel-macos-arm64, r-oldrel-macos-x86_64