Last updated on 2022-05-15 22:51:40 CEST.
Flavor | Version | Tinstall | Tcheck | Ttotal | Status | Flags |
---|---|---|---|---|---|---|
r-devel-linux-x86_64-debian-clang | 1.0.1 | 276.12 | 217.46 | 493.58 | OK | |
r-devel-linux-x86_64-debian-gcc | 1.0.1 | 204.00 | 160.60 | 364.60 | OK | |
r-devel-linux-x86_64-fedora-clang | 1.0.1 | 692.32 | NOTE | |||
r-devel-linux-x86_64-fedora-gcc | 1.0.1 | 598.28 | OK | |||
r-devel-windows-x86_64 | 1.0.1 | 201.00 | 250.00 | 451.00 | OK | |
r-patched-linux-x86_64 | 1.0.1 | 215.69 | 209.82 | 425.51 | OK | |
r-release-linux-x86_64 | 1.0.1 | 213.63 | 210.35 | 423.98 | OK | |
r-release-macos-arm64 | 1.0.1 | 159.00 | NOTE | |||
r-release-macos-x86_64 | 1.0.1 | 220.00 | NOTE | |||
r-release-windows-x86_64 | 1.0.1 | 199.00 | 252.00 | 451.00 | OK | |
r-oldrel-macos-arm64 | 1.0.1 | 177.00 | NOTE | |||
r-oldrel-macos-x86_64 | 1.0.1 | 344.00 | NOTE | |||
r-oldrel-windows-ix86+x86_64 | 1.0.1 | 642.00 | 427.00 | 1069.00 | OK |
Version: 1.0.1
Check: installed package size
Result: NOTE
installed size is 15.3Mb
sub-directories of 1Mb or more:
libs 14.8Mb
Flavors: r-devel-linux-x86_64-fedora-clang, r-release-macos-arm64, r-release-macos-x86_64, r-oldrel-macos-arm64, r-oldrel-macos-x86_64