CRAN Package Check Results for Package Jaya

Last updated on 2021-11-26 23:03:28 CET.

Flavor Version Tinstall Tcheck Ttotal Status Flags
r-devel-linux-x86_64-debian-clang 0.1.9 2.20 128.84 131.04 NOTE
r-devel-linux-x86_64-debian-gcc 0.1.9 1.66 96.87 98.53 NOTE
r-devel-linux-x86_64-fedora-clang 0.1.9 162.75 NOTE
r-devel-linux-x86_64-fedora-gcc 0.1.9 152.69 NOTE
r-devel-windows-x86_64-new-UL 0.1.9 7.00 167.00 174.00 NOTE
r-devel-windows-x86_64-new-TK 0.1.9 NOTE
r-devel-windows-x86_64-old 0.1.9 4.00 146.00 150.00 NOTE
r-patched-linux-x86_64 0.1.9 2.17 126.29 128.46 NOTE
r-patched-solaris-x86 0.1.9 53.80 NOTE
r-release-linux-x86_64 0.1.9 NOTE
r-release-macos-arm64 0.1.9 NOTE
r-release-macos-x86_64 0.1.9 NOTE
r-release-windows-ix86+x86_64 0.1.9 5.00 157.00 162.00 NOTE
r-oldrel-macos-x86_64 0.1.9 NOTE
r-oldrel-windows-ix86+x86_64 0.1.9 4.00 156.00 160.00 OK

Check Details

Version: 0.1.9
Check: LazyData
Result: NOTE
     'LazyData' is specified without a 'data' directory
Flavors: r-devel-linux-x86_64-debian-clang, r-devel-linux-x86_64-debian-gcc, r-devel-linux-x86_64-fedora-clang, r-devel-linux-x86_64-fedora-gcc, r-devel-windows-x86_64-new-UL, r-devel-windows-x86_64-new-TK, r-devel-windows-x86_64-old, r-patched-linux-x86_64, r-patched-solaris-x86, r-release-linux-x86_64, r-release-macos-arm64, r-release-macos-x86_64, r-release-windows-ix86+x86_64

Version: 0.1.9
Check: dependencies in R code
Result: NOTE
    Namespace in Imports field not imported from: ‘GA’
     All declared Imports should be used.
Flavors: r-devel-linux-x86_64-fedora-clang, r-devel-linux-x86_64-fedora-gcc, r-devel-windows-x86_64-new-TK, r-patched-solaris-x86, r-release-macos-arm64, r-release-macos-x86_64, r-oldrel-macos-x86_64