CRAN Package Check Results for Package KSEAapp

Last updated on 2022-05-19 22:54:13 CEST.

Flavor Version Tinstall Tcheck Ttotal Status Flags
r-devel-linux-x86_64-debian-clang 0.99.0 3.24 43.48 46.72 NOTE
r-devel-linux-x86_64-debian-gcc 0.99.0 2.61 33.39 36.00 NOTE
r-devel-linux-x86_64-fedora-clang 0.99.0 55.57 NOTE
r-devel-linux-x86_64-fedora-gcc 0.99.0 53.95 NOTE
r-devel-windows-x86_64 0.99.0 16.00 61.00 77.00 OK
r-patched-linux-x86_64 0.99.0 2.54 41.75 44.29 NOTE
r-release-linux-x86_64 0.99.0 3.51 41.35 44.86 NOTE
r-release-macos-arm64 0.99.0 19.00 OK
r-release-macos-x86_64 0.99.0 29.00 OK
r-release-windows-x86_64 0.99.0 15.00 61.00 76.00 OK
r-oldrel-macos-arm64 0.99.0 25.00 OK
r-oldrel-macos-x86_64 0.99.0 34.00 OK
r-oldrel-windows-ix86+x86_64 0.99.0 7.00 52.00 59.00 OK

Check Details

Version: 0.99.0
Check: for non-standard things in the check directory
Result: NOTE
    Found the following files/directories:
     'KSEA Bar Plot.tiff' 'KSEA Kinase Scores.csv'
     'KSEA.Merged.Heatmap.png' 'Kinase-Substrate Links.csv'
Flavors: r-devel-linux-x86_64-debian-clang, r-devel-linux-x86_64-debian-gcc, r-devel-linux-x86_64-fedora-clang, r-devel-linux-x86_64-fedora-gcc, r-patched-linux-x86_64, r-release-linux-x86_64