CRAN Package Check Results for Package LAGOSNE

Last updated on 2022-05-27 22:51:58 CEST.

Flavor Version Tinstall Tcheck Ttotal Status Flags
r-devel-linux-x86_64-debian-clang 2.0.2 8.30 88.46 96.76 NOTE
r-devel-linux-x86_64-debian-gcc 2.0.2 7.37 65.28 72.65 NOTE
r-devel-linux-x86_64-fedora-clang 2.0.2 111.37 NOTE
r-devel-linux-x86_64-fedora-gcc 2.0.2 112.11 NOTE
r-devel-windows-x86_64 2.0.2 37.00 102.00 139.00 NOTE
r-patched-linux-x86_64 2.0.2 9.93 82.82 92.75 NOTE
r-release-linux-x86_64 2.0.2 8.98 81.33 90.31 NOTE
r-release-macos-arm64 2.0.2 35.00 NOTE
r-release-macos-x86_64 2.0.2 64.00 NOTE
r-release-windows-x86_64 2.0.2 44.00 107.00 151.00 NOTE
r-oldrel-macos-arm64 2.0.2 43.00 NOTE
r-oldrel-macos-x86_64 2.0.2 53.00 NOTE
r-oldrel-windows-ix86+x86_64 2.0.2 21.00 101.00 122.00 NOTE

Check Details

Version: 2.0.2
Check: LazyData
Result: NOTE
     'LazyData' is specified without a 'data' directory
Flavors: r-devel-linux-x86_64-debian-clang, r-devel-linux-x86_64-debian-gcc, r-devel-linux-x86_64-fedora-clang, r-devel-linux-x86_64-fedora-gcc, r-devel-windows-x86_64, r-patched-linux-x86_64, r-release-linux-x86_64, r-release-macos-arm64, r-release-macos-x86_64, r-release-windows-x86_64, r-oldrel-macos-arm64, r-oldrel-macos-x86_64, r-oldrel-windows-ix86+x86_64