CRAN Package Check Results for Package LAGOSNE

Last updated on 2024-02-27 23:08:16 CET.

Flavor Version Tinstall Tcheck Ttotal Status Flags
r-devel-linux-x86_64-debian-clang 2.0.3 7.46 85.64 93.10 NOTE
r-devel-linux-x86_64-debian-gcc 2.0.3 7.44 64.77 72.21 NOTE
r-devel-linux-x86_64-fedora-clang 2.0.3 123.47 NOTE
r-devel-linux-x86_64-fedora-gcc 2.0.3 130.14 NOTE
r-devel-windows-x86_64 2.0.3 10.00 88.00 98.00 OK
r-patched-linux-x86_64 2.0.3 6.27 80.71 86.98 OK
r-release-linux-x86_64 2.0.3 6.13 83.14 89.27 OK
r-release-macos-arm64 2.0.3 41.00 OK
r-release-macos-x86_64 2.0.3 105.00 OK
r-release-windows-x86_64 2.0.3 12.00 95.00 107.00 OK
r-oldrel-macos-arm64 2.0.3 40.00 OK
r-oldrel-windows-x86_64 2.0.3 13.00 101.00 114.00 OK

Check Details

Version: 2.0.3
Check: Rd files
Result: NOTE checkRd: (-1) conn.Rd:300: Lost braces 300 | Soranno et al. (2017) \doi{10.1093/gigascience/gix101}{Gigascience 6:12} | ^ checkRd: (-1) lakes_limno.Rd:36: Lost braces 36 | Soranno et al. (2017) \doi{10.1093/gigascience/gix101}{Gigascience 6:12} | ^ Flavors: r-devel-linux-x86_64-debian-clang, r-devel-linux-x86_64-debian-gcc, r-devel-linux-x86_64-fedora-clang, r-devel-linux-x86_64-fedora-gcc