Last updated on 2023-01-28 22:55:17 CET.
Flavor | Version | Tinstall | Tcheck | Ttotal | Status | Flags |
---|---|---|---|---|---|---|
r-devel-linux-x86_64-debian-clang | 0.1.2 | 6.59 | 64.91 | 71.50 | OK | |
r-devel-linux-x86_64-debian-gcc | 0.1.2 | 4.96 | 48.36 | 53.32 | OK | |
r-devel-linux-x86_64-fedora-clang | 0.1.2 | 91.18 | NOTE | |||
r-devel-linux-x86_64-fedora-gcc | 0.1.2 | 108.59 | NOTE | |||
r-devel-windows-x86_64 | 0.1.2 | 23.00 | 96.00 | 119.00 | OK | |
r-patched-linux-x86_64 | 0.1.2 | 13.99 | 63.56 | 77.55 | OK | |
r-release-linux-x86_64 | 0.1.2 | 7.36 | 63.97 | 71.33 | OK | |
r-release-macos-arm64 | 0.1.2 | 31.00 | NOTE | |||
r-release-macos-x86_64 | 0.1.2 | 45.00 | NOTE | |||
r-release-windows-x86_64 | 0.1.2 | 33.00 | 99.00 | 132.00 | OK | |
r-oldrel-macos-arm64 | 0.1.2 | 37.00 | NOTE | |||
r-oldrel-macos-x86_64 | 0.1.2 | 47.00 | NOTE | |||
r-oldrel-windows-ix86+x86_64 | 0.1.2 | 20.00 | 96.00 | 116.00 | OK |
Version: 0.1.2
Check: package dependencies
Result: NOTE
Imports includes 28 non-default packages.
Importing from so many packages makes the package vulnerable to any of
them becoming unavailable. Move as many as possible to Suggests and
use conditionally.
Flavor: r-devel-linux-x86_64-fedora-clang
Version: 0.1.2
Check: dependencies in R code
Result: NOTE
Namespaces in Imports field not imported from:
‘DT’ ‘SnowballC’ ‘chinese.misc’ ‘dplyr’ ‘factoextra’ ‘glasso’
‘highcharter’ ‘htmlwidgets’ ‘ldatuning’ ‘qgraph’ ‘quanteda’ ‘rvest’
‘shinyBS’ ‘shinyWidgets’ ‘shinyalert’ ‘shinybusy’ ‘shinycssloaders’
‘shinydashboard’ ‘shinyjs’ ‘stringr’ ‘textmineR’ ‘textplot’ ‘tidyr’
‘topicmodels’
All declared Imports should be used.
Flavors: r-devel-linux-x86_64-fedora-clang, r-devel-linux-x86_64-fedora-gcc, r-release-macos-arm64, r-release-macos-x86_64, r-oldrel-macos-arm64, r-oldrel-macos-x86_64