CRAN Package Check Results for Package LDAShiny

Last updated on 2021-12-06 21:51:17 CET.

Flavor Version Tinstall Tcheck Ttotal Status Flags
r-devel-linux-x86_64-debian-clang 0.9.3 3.90 45.82 49.72 OK
r-devel-linux-x86_64-debian-gcc 0.9.3 3.44 35.97 39.41 OK
r-devel-linux-x86_64-fedora-clang 0.9.3 64.29 NOTE
r-devel-linux-x86_64-fedora-gcc 0.9.3 50.45 NOTE
r-devel-windows-x86_64-new-UL 0.9.3 13.00 84.00 97.00 OK
r-devel-windows-x86_64-new-TK 0.9.3 NOTE
r-devel-windows-x86_64-old 0.9.3 9.00 51.00 60.00 OK
r-patched-linux-x86_64 0.9.3 4.17 36.50 40.67 OK
r-release-linux-x86_64 0.9.3 2.86 44.56 47.42 OK
r-release-macos-arm64 0.9.3 NOTE
r-release-macos-x86_64 0.9.3 NOTE
r-release-windows-ix86+x86_64 0.9.3 12.00 62.00 74.00 OK
r-oldrel-macos-x86_64 0.9.3 NOTE
r-oldrel-windows-ix86+x86_64 0.9.3 11.00 62.00 73.00 OK

Check Details

Version: 0.9.3
Check: package dependencies
Result: NOTE
    Imports includes 25 non-default packages.
    Importing from so many packages makes the package vulnerable to any of
    them becoming unavailable. Move as many as possible to Suggests and
    use conditionally.
Flavor: r-devel-linux-x86_64-fedora-clang

Version: 0.9.3
Check: dependencies in R code
Result: NOTE
    Namespaces in Imports field not imported from:
     ‘DT’ ‘SnowballC’ ‘beepr’ ‘broom’ ‘chinese.misc’ ‘dplyr’ ‘highcharter’
     ‘htmlwidgets’ ‘ldatuning’ ‘parallel’ ‘plotly’ ‘purrr’ ‘quanteda’
     ‘shinyBS’ ‘shinyWidgets’ ‘shinyalert’ ‘shinycssloaders’ ‘shinyjs’
     ‘stringr’ ‘textmineR’ ‘tidyr’ ‘tidytext’ ‘topicmodels’
     All declared Imports should be used.
Flavors: r-devel-linux-x86_64-fedora-clang, r-devel-linux-x86_64-fedora-gcc, r-devel-windows-x86_64-new-TK, r-release-macos-arm64, r-release-macos-x86_64, r-oldrel-macos-x86_64