Last updated on 2023-05-31 21:58:36 CEST.
Flavor | Version | Tinstall | Tcheck | Ttotal | Status | Flags |
---|---|---|---|---|---|---|
r-devel-linux-x86_64-debian-clang | 0.9.3 | 4.52 | 45.96 | 50.48 | OK | |
r-devel-linux-x86_64-debian-gcc | 0.9.3 | 4.08 | 35.70 | 39.78 | OK | |
r-devel-linux-x86_64-fedora-clang | 0.9.3 | 64.56 | NOTE | |||
r-devel-linux-x86_64-fedora-gcc | 0.9.3 | 80.17 | NOTE | |||
r-devel-windows-x86_64 | 0.9.3 | 6.00 | 59.00 | 65.00 | OK | |
r-patched-linux-x86_64 | 0.9.3 | OK | ||||
r-release-linux-x86_64 | 0.9.3 | 3.00 | 44.22 | 47.22 | OK | |
r-release-macos-arm64 | 0.9.3 | 40.00 | OK | |||
r-release-macos-x86_64 | 0.9.3 | 44.00 | OK | |||
r-release-windows-x86_64 | 0.9.3 | 8.00 | 64.00 | 72.00 | OK | |
r-oldrel-macos-arm64 | 0.9.3 | 32.00 | NOTE | |||
r-oldrel-macos-x86_64 | 0.9.3 | 46.00 | NOTE | |||
r-oldrel-windows-x86_64 | 0.9.3 | 9.00 | 72.00 | 81.00 | OK |
Version: 0.9.3
Check: package dependencies
Result: NOTE
Imports includes 25 non-default packages.
Importing from so many packages makes the package vulnerable to any of
them becoming unavailable. Move as many as possible to Suggests and
use conditionally.
Flavor: r-devel-linux-x86_64-fedora-clang
Version: 0.9.3
Check: dependencies in R code
Result: NOTE
Namespaces in Imports field not imported from:
‘DT’ ‘SnowballC’ ‘beepr’ ‘broom’ ‘chinese.misc’ ‘dplyr’ ‘highcharter’
‘htmlwidgets’ ‘ldatuning’ ‘parallel’ ‘plotly’ ‘purrr’ ‘quanteda’
‘shinyBS’ ‘shinyWidgets’ ‘shinyalert’ ‘shinycssloaders’ ‘shinyjs’
‘stringr’ ‘textmineR’ ‘tidyr’ ‘tidytext’ ‘topicmodels’
All declared Imports should be used.
Flavors: r-devel-linux-x86_64-fedora-clang, r-devel-linux-x86_64-fedora-gcc, r-oldrel-macos-arm64, r-oldrel-macos-x86_64