Last updated on 2022-05-16 22:52:15 CEST.
Flavor | Version | Tinstall | Tcheck | Ttotal | Status | Flags |
---|---|---|---|---|---|---|
r-devel-linux-x86_64-debian-clang | 1.10 | 8.19 | 90.09 | 98.28 | NOTE | |
r-devel-linux-x86_64-debian-gcc | 1.10 | 7.65 | 69.20 | 76.85 | NOTE | |
r-devel-linux-x86_64-fedora-clang | 1.10 | 118.18 | NOTE | |||
r-devel-linux-x86_64-fedora-gcc | 1.10 | 127.66 | NOTE | |||
r-devel-windows-x86_64 | 1.10 | 14.00 | 101.00 | 115.00 | NOTE | |
r-patched-linux-x86_64 | 1.10 | 8.76 | 86.40 | 95.16 | NOTE | |
r-release-linux-x86_64 | 1.10 | 7.30 | 86.69 | 93.99 | NOTE | |
r-release-macos-arm64 | 1.10 | 34.00 | NOTE | |||
r-release-macos-x86_64 | 1.10 | 75.00 | NOTE | |||
r-release-windows-x86_64 | 1.10 | 13.00 | 110.00 | 123.00 | NOTE | |
r-oldrel-macos-arm64 | 1.10 | 41.00 | NOTE | |||
r-oldrel-macos-x86_64 | 1.10 | 64.00 | NOTE | |||
r-oldrel-windows-ix86+x86_64 | 1.10 | 22.00 | 98.00 | 120.00 | NOTE |
Version: 1.10
Check: LazyData
Result: NOTE
'LazyData' is specified without a 'data' directory
Flavors: r-devel-linux-x86_64-debian-clang, r-devel-linux-x86_64-debian-gcc, r-devel-linux-x86_64-fedora-clang, r-devel-linux-x86_64-fedora-gcc, r-devel-windows-x86_64, r-patched-linux-x86_64, r-release-linux-x86_64, r-release-macos-arm64, r-release-macos-x86_64, r-release-windows-x86_64, r-oldrel-macos-arm64, r-oldrel-macos-x86_64, r-oldrel-windows-ix86+x86_64
Version: 1.10
Check: dependencies in R code
Result: NOTE
Namespaces in Imports field not imported from:
‘devtools’ ‘reticulate’ ‘tensorflow’
All declared Imports should be used.
Flavors: r-devel-linux-x86_64-fedora-clang, r-devel-linux-x86_64-fedora-gcc, r-release-macos-arm64, r-release-macos-x86_64, r-oldrel-macos-arm64, r-oldrel-macos-x86_64