CRAN Package Check Results for Package LDheatmap

Last updated on 2022-01-28 23:00:40 CET.

Flavor Version Tinstall Tcheck Ttotal Status Flags
r-devel-linux-x86_64-debian-clang 1.0-4 17.92 85.02 102.94 OK
r-devel-linux-x86_64-debian-gcc 1.0-4 15.90 64.37 80.27 OK
r-devel-linux-x86_64-fedora-clang 1.0-4 133.99 NOTE
r-devel-linux-x86_64-fedora-gcc 1.0-4 120.28 OK
r-devel-windows-x86_64-new-UL 1.0-4 50.00 144.00 194.00 OK
r-devel-windows-x86_64-new-TK 1.0-4 OK
r-patched-linux-x86_64 1.0-4 19.19 79.17 98.36 OK
r-release-linux-x86_64 1.0-4 17.29 79.81 97.10 OK
r-release-macos-arm64 1.0-4 OK
r-release-macos-x86_64 1.0-4 OK
r-release-windows-ix86+x86_64 1.0-4 50.00 139.00 189.00 OK
r-oldrel-macos-x86_64 1.0-4 OK
r-oldrel-windows-ix86+x86_64 1.0-4 49.00 141.00 190.00 OK

Additional issues

donttest

Check Details

Version: 1.0-4
Check: Rd cross-references
Result: NOTE
    Undeclared package ‘RColorBrewer’ in Rd xrefs
Flavor: r-devel-linux-x86_64-fedora-clang