CRAN Package Check Results for Package LPBkg

Last updated on 2022-01-18 22:47:29 CET.

Flavor Version Tinstall Tcheck Ttotal Status Flags
r-devel-linux-x86_64-debian-clang 1.2 10.30 99.61 109.91 NOTE
r-devel-linux-x86_64-debian-gcc 1.2 8.10 84.02 92.12 NOTE
r-devel-linux-x86_64-fedora-clang 1.2 134.89 NOTE
r-devel-linux-x86_64-fedora-gcc 1.2 122.09 NOTE
r-devel-windows-x86_64-new-UL 1.2 18.00 120.00 138.00 NOTE
r-devel-windows-x86_64-new-TK 1.2 NOTE
r-patched-linux-x86_64 1.2 8.43 93.90 102.33 NOTE
r-release-linux-x86_64 1.2 NOTE
r-release-macos-arm64 1.2 NOTE
r-release-macos-x86_64 1.2 NOTE
r-release-windows-ix86+x86_64 1.2 25.00 112.00 137.00 NOTE
r-oldrel-macos-x86_64 1.2 OK
r-oldrel-windows-ix86+x86_64 1.2 25.00 114.00 139.00 OK

Check Details

Version: 1.2
Check: LazyData
Result: NOTE
     'LazyData' is specified without a 'data' directory
Flavors: r-devel-linux-x86_64-debian-clang, r-devel-linux-x86_64-debian-gcc, r-devel-linux-x86_64-fedora-clang, r-devel-linux-x86_64-fedora-gcc, r-devel-windows-x86_64-new-UL, r-devel-windows-x86_64-new-TK, r-patched-linux-x86_64, r-release-linux-x86_64, r-release-macos-arm64, r-release-macos-x86_64, r-release-windows-ix86+x86_64