CRAN Package Check Results for Package LSAmitR

Last updated on 2023-05-29 23:03:49 CEST.

Flavor Version Tinstall Tcheck Ttotal Status Flags
r-devel-linux-x86_64-debian-clang 1.0-3 13.73 131.55 145.28 NOTE
r-devel-linux-x86_64-debian-gcc 1.0-3 10.76 98.11 108.87 NOTE
r-devel-linux-x86_64-fedora-clang 1.0-3 183.86 NOTE
r-devel-linux-x86_64-fedora-gcc 1.0-3 180.68 NOTE
r-devel-windows-x86_64 1.0-3 13.00 120.00 133.00 NOTE
r-patched-linux-x86_64 1.0-3 12.14 124.91 137.05 NOTE
r-release-linux-x86_64 1.0-3 11.99 122.83 134.82 NOTE
r-release-macos-arm64 1.0-3 57.00 NOTE
r-release-macos-x86_64 1.0-3 88.00 NOTE
r-release-windows-x86_64 1.0-3 18.00 146.00 164.00 OK
r-oldrel-macos-arm64 1.0-3 49.00 NOTE
r-oldrel-macos-x86_64 1.0-3 72.00 NOTE
r-oldrel-windows-x86_64 1.0-3 20.00 142.00 162.00 OK

Check Details

Version: 1.0-3
Check: package dependencies
Result: NOTE
    Package suggested but not available for checking: ‘kerdiest’
Flavors: r-devel-linux-x86_64-debian-clang, r-devel-linux-x86_64-debian-gcc, r-devel-linux-x86_64-fedora-clang, r-devel-linux-x86_64-fedora-gcc, r-devel-windows-x86_64, r-patched-linux-x86_64, r-release-linux-x86_64, r-release-macos-arm64

Version: 1.0-3
Check: data for non-ASCII characters
Result: NOTE
     Note: found 55 marked UTF-8 strings
Flavors: r-devel-linux-x86_64-fedora-clang, r-devel-linux-x86_64-fedora-gcc, r-oldrel-macos-arm64, r-oldrel-macos-x86_64

Version: 1.0-3
Check: package dependencies
Result: NOTE
    Packages suggested but not available for checking:
     'sirt', 'kerdiest', 'car', 'mitml'
Flavor: r-release-macos-x86_64

Version: 1.0-3
Check: package dependencies
Result: NOTE
    Package suggested but not available for checking: ‘miceadds’
Flavor: r-oldrel-macos-arm64