CRAN Package Check Results for Package LTRCtrees

Last updated on 2024-02-26 23:03:44 CET.

Flavor Version Tinstall Tcheck Ttotal Status Flags
r-devel-linux-x86_64-debian-clang 1.1.1 2.57 64.70 67.27 NOTE
r-devel-linux-x86_64-debian-gcc 1.1.1 2.30 45.36 47.66 NOTE
r-devel-linux-x86_64-fedora-clang 1.1.1 83.47 NOTE
r-devel-linux-x86_64-fedora-gcc 1.1.1 88.27 NOTE
r-devel-windows-x86_64 1.1.1 4.00 65.00 69.00 NOTE
r-patched-linux-x86_64 1.1.1 3.04 62.33 65.37 NOTE
r-release-linux-x86_64 1.1.1 2.99 62.40 65.39 NOTE
r-release-macos-arm64 1.1.1 34.00 NOTE
r-release-macos-x86_64 1.1.1 73.00 NOTE
r-release-windows-x86_64 1.1.1 5.00 72.00 77.00 NOTE
r-oldrel-macos-arm64 1.1.1 29.00 NOTE
r-oldrel-windows-x86_64 1.1.1 5.00 76.00 81.00 NOTE

Check Details

Version: 1.1.1
Check: LazyData
Result: NOTE 'LazyData' is specified without a 'data' directory Flavors: r-devel-linux-x86_64-debian-clang, r-devel-linux-x86_64-debian-gcc, r-devel-linux-x86_64-fedora-clang, r-devel-linux-x86_64-fedora-gcc, r-devel-windows-x86_64, r-patched-linux-x86_64, r-release-linux-x86_64, r-release-macos-arm64, r-release-macos-x86_64, r-release-windows-x86_64, r-oldrel-macos-arm64, r-oldrel-windows-x86_64

Version: 1.1.1
Check: dependencies in R code
Result: NOTE Namespaces in Imports field not imported from: ‘Icens’ ‘interval’ All declared Imports should be used. Flavors: r-devel-linux-x86_64-fedora-clang, r-devel-linux-x86_64-fedora-gcc