Last updated on 2022-05-18 21:53:19 CEST.
Flavor | Version | Tinstall | Tcheck | Ttotal | Status | Flags |
---|---|---|---|---|---|---|
r-devel-linux-x86_64-debian-clang | 0.1.0 | 2.74 | 34.68 | 37.42 | NOTE | |
r-devel-linux-x86_64-debian-gcc | 0.1.0 | 1.72 | 27.02 | 28.74 | NOTE | |
r-devel-linux-x86_64-fedora-clang | 0.1.0 | 45.83 | NOTE | |||
r-devel-linux-x86_64-fedora-gcc | 0.1.0 | 43.37 | NOTE | |||
r-devel-windows-x86_64 | 0.1.0 | 15.00 | 54.00 | 69.00 | OK | |
r-patched-linux-x86_64 | 0.1.0 | 2.88 | 33.73 | 36.61 | NOTE | |
r-release-linux-x86_64 | 0.1.0 | 1.56 | 33.87 | 35.43 | NOTE | |
r-release-macos-arm64 | 0.1.0 | 18.00 | OK | |||
r-release-macos-x86_64 | 0.1.0 | 23.00 | OK | |||
r-release-windows-x86_64 | 0.1.0 | 15.00 | 51.00 | 66.00 | OK | |
r-oldrel-macos-arm64 | 0.1.0 | 20.00 | OK | |||
r-oldrel-macos-x86_64 | 0.1.0 | 31.00 | OK | |||
r-oldrel-windows-ix86+x86_64 | 0.1.0 | 8.00 | 46.00 | 54.00 | OK |
Version: 0.1.0
Check: for non-standard things in the check directory
Result: NOTE
Found the following files/directories:
'MYSLID.csv' 'tabelle.csv'
Flavors: r-devel-linux-x86_64-debian-clang, r-devel-linux-x86_64-debian-gcc, r-devel-linux-x86_64-fedora-clang, r-devel-linux-x86_64-fedora-gcc, r-patched-linux-x86_64, r-release-linux-x86_64
Version: 0.1.0
Check: Rd cross-references
Result: NOTE
Undeclared packages ‘carData’, ‘factoextra’, ‘labstatR’ in Rd xrefs
Flavor: r-devel-linux-x86_64-fedora-clang